{"id":8040,"date":"2024-02-05T14:20:48","date_gmt":"2024-02-05T13:20:48","guid":{"rendered":"https:\/\/www.szen.fr\/massage\/?page_id=8040"},"modified":"2024-07-08T12:25:37","modified_gmt":"2024-07-08T10:25:37","slug":"le-massage-erotique","status":"publish","type":"page","link":"https:\/\/www.szen.fr\/massage\/le-massage-erotique\/","title":{"rendered":"Le massage \u00e9rotique"},"content":{"rendered":"\t\t<div data-elementor-type=\"wp-page\" data-elementor-id=\"8040\" class=\"elementor elementor-8040\" data-elementor-post-type=\"page\">\n\t\t\t\t\t\t\t<div class=\"elementor-element elementor-element-360632b e-flex e-con-boxed e-con e-parent\" data-id=\"360632b\" data-element_type=\"container\" data-settings=\"{&quot;content_width&quot;:&quot;boxed&quot;}\" data-core-v316-plus=\"true\">\n\t\t\t\t\t<div class=\"e-con-inner\">\n\t\t<div class=\"elementor-element elementor-element-ea0cf13 e-con-full e-flex e-con e-child\" data-id=\"ea0cf13\" data-element_type=\"container\" data-settings=\"{&quot;content_width&quot;:&quot;full&quot;}\">\n\t\t\t\t<div class=\"elementor-element elementor-element-a246298 elementor-widget elementor-widget-breadcrumbs\" data-id=\"a246298\" data-element_type=\"widget\" data-widget_type=\"breadcrumbs.default\">\n\t\t\t\t<div class=\"elementor-widget-container\">\n\t\t\t<link rel=\"stylesheet\" href=\"https:\/\/www.szen.fr\/massage\/wp-content\/plugins\/elementor-pro\/assets\/css\/widget-theme-elements.min.css\"><p id=\"breadcrumbs\"><span><span><a href=\"https:\/\/www.szen.fr\/massage\/\">Accueil<\/a><\/span><\/span><\/p>\t\t<\/div>\n\t\t\t\t<\/div>\n\t\t\t\t<div class=\"elementor-element elementor-element-a5cc0cf elementor-widget elementor-widget-image\" data-id=\"a5cc0cf\" data-element_type=\"widget\" alt=\"le massage tantrique\" data-widget_type=\"image.default\">\n\t\t\t\t<div class=\"elementor-widget-container\">\n\t\t\t<style>\/*! elementor - v3.18.0 - 08-12-2023 *\/\n.elementor-widget-image{text-align:center}.elementor-widget-image a{display:inline-block}.elementor-widget-image a img[src$=\".svg\"]{width:48px}.elementor-widget-image img{vertical-align:middle;display:inline-block}<\/style>\t\t\t\t\t\t\t\t\t\t\t\t<img fetchpriority=\"high\" decoding=\"async\" width=\"800\" height=\"800\" src=\"https:\/\/www.szen.fr\/massage\/wp-content\/uploads\/2021\/09\/insta-img-gallery-4.jpg\" class=\"attachment-large size-large wp-image-7288\" alt=\"massage naturiste\" srcset=\"https:\/\/www.szen.fr\/massage\/wp-content\/uploads\/2021\/09\/insta-img-gallery-4.jpg 800w, https:\/\/www.szen.fr\/massage\/wp-content\/uploads\/2021\/09\/insta-img-gallery-4-300x300.jpg 300w, https:\/\/www.szen.fr\/massage\/wp-content\/uploads\/2021\/09\/insta-img-gallery-4-150x150.jpg 150w, https:\/\/www.szen.fr\/massage\/wp-content\/uploads\/2021\/09\/insta-img-gallery-4-768x768.jpg 768w, https:\/\/www.szen.fr\/massage\/wp-content\/uploads\/2021\/09\/insta-img-gallery-4-650x650.jpg 650w\" sizes=\"(max-width: 800px) 100vw, 800px\" \/>\t\t\t\t\t\t\t\t\t\t\t\t\t\t\t<\/div>\n\t\t\t\t<\/div>\n\t\t\t\t<\/div>\n\t\t\t\t\t<\/div>\n\t\t\t\t<\/div>\n\t\t<div class=\"elementor-element elementor-element-38ac74f e-flex e-con-boxed e-con e-parent\" data-id=\"38ac74f\" data-element_type=\"container\" data-settings=\"{&quot;content_width&quot;:&quot;boxed&quot;}\" data-core-v316-plus=\"true\">\n\t\t\t\t\t<div class=\"e-con-inner\">\n\t\t<div class=\"elementor-element elementor-element-d5e1cba e-con-full e-flex e-con e-child\" data-id=\"d5e1cba\" data-element_type=\"container\" data-settings=\"{&quot;content_width&quot;:&quot;full&quot;}\">\n\t\t\t\t<div class=\"elementor-element elementor-element-5b85f3e elementor-widget elementor-widget-heading\" data-id=\"5b85f3e\" data-element_type=\"widget\" data-widget_type=\"heading.default\">\n\t\t\t\t<div class=\"elementor-widget-container\">\n\t\t\t<style>\/*! elementor - v3.18.0 - 08-12-2023 *\/\n.elementor-heading-title{padding:0;margin:0;line-height:1}.elementor-widget-heading .elementor-heading-title[class*=elementor-size-]>a{color:inherit;font-size:inherit;line-height:inherit}.elementor-widget-heading .elementor-heading-title.elementor-size-small{font-size:15px}.elementor-widget-heading .elementor-heading-title.elementor-size-medium{font-size:19px}.elementor-widget-heading .elementor-heading-title.elementor-size-large{font-size:29px}.elementor-widget-heading .elementor-heading-title.elementor-size-xl{font-size:39px}.elementor-widget-heading .elementor-heading-title.elementor-size-xxl{font-size:59px}<\/style><h1 class=\"elementor-heading-title elementor-size-default\">Le massage \u00e9rotique<\/h1>\t\t<\/div>\n\t\t\t\t<\/div>\n\t\t\t\t<\/div>\n\t\t<div class=\"elementor-element elementor-element-f292363 e-con-full e-flex e-con e-child\" data-id=\"f292363\" data-element_type=\"container\" data-settings=\"{&quot;content_width&quot;:&quot;full&quot;}\">\n\t\t\t\t<div class=\"elementor-element elementor-element-962a94a elementor-widget elementor-widget-text-editor\" data-id=\"962a94a\" data-element_type=\"widget\" data-widget_type=\"text-editor.default\">\n\t\t\t\t<div class=\"elementor-widget-container\">\n\t\t\t<style>\/*! elementor - v3.18.0 - 08-12-2023 *\/\n.elementor-widget-text-editor.elementor-drop-cap-view-stacked .elementor-drop-cap{background-color:#69727d;color:#fff}.elementor-widget-text-editor.elementor-drop-cap-view-framed .elementor-drop-cap{color:#69727d;border:3px solid;background-color:transparent}.elementor-widget-text-editor:not(.elementor-drop-cap-view-default) .elementor-drop-cap{margin-top:8px}.elementor-widget-text-editor:not(.elementor-drop-cap-view-default) .elementor-drop-cap-letter{width:1em;height:1em}.elementor-widget-text-editor .elementor-drop-cap{float:left;text-align:center;line-height:1;font-size:50px}.elementor-widget-text-editor .elementor-drop-cap-letter{display:inline-block}<\/style>\t\t\t\t<p>Un massage \u00e9rotique est une technique pratiqu\u00e9e \u00e0 des fins \u00e9rotiques. Dans ce type de massage sensuel, la masseuse et le mass\u00e9 sont enti\u00e8rement nus afin de r\u00e9veiller tous les sens, d\u2019augmenter le plaisir et de rel\u00e2cher toutes les tensions du quotidien.<br \/>Il est important de noter que ce soin est pratiqu\u00e9 avec beaucoup de respect sans aucun int\u00e9r\u00eat sexuel.<\/p><h2>Comment se d\u00e9roule un massage \u00e9rotique ?<\/h2><p>Vous n\u2019avez jamais r\u00e9alis\u00e9 de massage \u00e9rotique et vous vous posez beaucoup de questions ? C\u2019est tout \u00e0 fait normal ! Que vous soyez r\u00e9ticent ou habitu\u00e9 des instituts naturistes, sachez avant tout que ce sont des \u00e9tablissements s\u00e9rieux et professionnels, o\u00f9 l\u2019hygi\u00e8ne est irr\u00e9prochable et les masseuses qualifi\u00e9es.<br \/>Ainsi, lors d\u2019une s\u00e9ance, une huile gourmande au parfum de qualit\u00e9 sera appliqu\u00e9e par les mains douces et expertes de la professionnelle. Cette derni\u00e8re r\u00e9alisera des mouvements lents et des caresses sensuelles sur l\u2019ensemble de votre corps pour varier les sensations. Vous n\u2019aurez alors de cesse que de contr\u00f4ler votre d\u00e9sir. Attention, aucun d\u00e9rapage ne sera accept\u00e9 ! Cela n&rsquo;a rien \u00e0 voir avec ce que vous pourriez voir dans une vid\u00e9o porno.<br \/>Avant le massage, la fille pourra \u00e9galement vous poser quelques questions afin de bien comprendre vos envies et vos besoins, et vous invitera \u00e0 prendre une douche pour respecter les normes d\u2019hygi\u00e8ne.<\/p><h2>Comment se comporter avec une masseuse naturiste ?<\/h2><p>Lors d\u2019une s\u00e9ance, il est tr\u00e8s important d&rsquo;avoir du respect pour la pratique et la professionnelle. Les compliments sont, bien \u00e9videmment, les bienvenus !<br \/>L\u2019hygi\u00e8ne est \u00e9galement indispensable. Une douche sera demand\u00e9e avant et apr\u00e8s le soin. L&rsquo;experte pr\u00e9parera \u00e9galement son environnement de travail afin que tout se passe dans les meilleures conditions possibles.<br \/>Enfin, il est avant tout question de confiance. La professionnelle prendra le temps de vous poser quelques questions avant afin de bien comprendre vos attentes et vos envies. Ces questions sont importantes et permettent de vous mettre \u00e0 l\u2019aise. N\u2019h\u00e9sitez pas \u00e9galement \u00e0 lui poser des questions en retour pour d\u00e9finir toutes les \u00e9tapes de la s\u00e9ance ou de lui faire part de vos r\u00e9ticences. Son seul objectif est de stimuler votre d\u00e9sir tout en \u00e9veillant vos sens.<\/p><h2>Quels sont les diff\u00e9rents types de massages \u00e9rotiques ?<\/h2><p>Que soyez tent\u00e9 par le tantrique, le body-body, le lingam ou encore le nuru, nos masseuses seront \u00e0 votre \u00e9coute et vous proposeront les meilleurs soins possibles pour votre plus grand plaisir. D\u00e9couvrez sans plus tarder toutes nos prestations !<\/p><h3>Qu\u2019est-ce qu\u2019un massage tantrique ?<\/h3><p>Le massage tantrique est une pratique mill\u00e9naire m\u00ealant sexualit\u00e9 et spiritualit\u00e9. R\u00e9alis\u00e9e avec de l\u2019huile au parfum envo\u00fbtant, cette pratique sensuelle est r\u00e9alis\u00e9e g\u00e9n\u00e9ralement nue, de fa\u00e7on int\u00e9grale ou non en fonction des envies du mass\u00e9.<br \/>Si vous souhaitez en savoir plus sur le tantrisme, de nombreux livres existent sur la pratique, dans la cat\u00e9gorie arts &amp; loisirs.<\/p><h3>Tout savoir sur le body body<\/h3><p>Le bodybody est un soin sensuel pratiqu\u00e9 compl\u00e8tement nu. La professionnelle utilise alors tout son corps pour masser et caresser sensuellement.<\/p><h3>Qu\u2019est-ce qu\u2019un massage du lingam ?<\/h3><p>Cette pratique consiste \u00e0 masser le p\u00e9nis et les zones autour (testicules, p\u00e9rin\u00e9e, prostate) afin de procurer du plaisir \u00e0 la fois sexuel et spirituel, sans pour autant atteindre l\u2019orgasme.<br \/>Ici, on oublie le va-et-vient traditionnel ! Les mouvements se veulent lents et l\u2019\u00e9rection n\u2019est m\u00eame pas n\u00e9cessaire. Dans ce style de pratique, le mass\u00e9 doit simplement porter son attention sur toutes les sensations qu\u2019il peut ressentir.<\/p><h3>Le nuru : c\u2019est quoi ?<\/h3><p>Dans cette pratique japonaise, le client et la professionnelle sont enti\u00e8rement nus, dans un espace calme et apaisant. Ici, tous les membres sont utilis\u00e9s pour glisser et caresser de fa\u00e7on sensuelle : les bras, le ventre, les seins, etc.<\/p><h3>Le massage de la prostate<\/h3><p>Le massage prostatique est une pratique encore taboue chez les hommes ! Pourtant, cette stimulation anale permet d\u2019augmenter le plaisir sexuel et d\u2019ouvrir la voie \u00e0 un orgasme puissant.<br \/>Si vous avez des questions au sujet de cette pratique, nous serons ravis d\u2019en discuter avec vous et de vous donner plus de d\u00e9tails concernant les gestes effectu\u00e9s.<\/p><h3>Le massage \u00e0 domicile<\/h3><p>Si vous souhaitez \u00e9viter de vous d\u00e9placer dans un institut, vous avez la possibilit\u00e9 \u00e9galement de choisir de r\u00e9aliser un soin \u00e0 domicile. De cette fa\u00e7on, vous gagnez du temps et vous profitez d\u2019\u00eatre chez vous pour vous relaxer sous les mains expertes d\u2019une professionnelle.<\/p><h2>Pourquoi faire un massage \u00e9rotique ?<\/h2><p>Vous \u00eates \u00e9puis\u00e9 et vous avez besoin de vous relaxer ? Vous \u00eates stress\u00e9 et avez besoin de prendre du temps pour vous ? Sachez que cette pratique naturiste est id\u00e9ale pour ce type de probl\u00e9matiques.<br \/>En effet, il vous permettra de r\u00e9duire le stress et les tensions accumul\u00e9s, tout en soulageant les tensions musculaires gr\u00e2ce aux manipulations sensuelles de la masseuse. Cette pratique est reconnue \u00e9galement pour maintenir votre sant\u00e9 sexuelle et retrouver votre libido. En effet, pendant une s\u00e9ance, la masseuse touchera diff\u00e9rentes parties de votre corps afin d\u2019\u00e9veiller vos sens et augmenter votre plaisir et votre excitation. Aucune zone ne sera oubli\u00e9e, m\u00eame les plus intimes et \u00e9rog\u00e8nes.<br \/>Ainsi, le massage naturiste pr\u00e9sente de nombreux avantages. Il ne vous reste plus qu\u2019\u00e0 tester pour v\u00e9rifier par vous-m\u00eame !<\/p><h2>Faire un massage \u00e9rotique \u00e0 deux<\/h2><p>Vous aimeriez r\u00e9aliser un soin naturiste avec votre partenaire ? Vous souhaitez offrir un moment inoubliable \u00e0 votre couple ? Le massage \u00e9rotique n\u2019est pas r\u00e9serv\u00e9 qu\u2019aux c\u00e9libataires ! Vous pouvez tout \u00e0 fait r\u00e9server un massage pour deux dans un institut de confiance et profiter de tous les bienfaits de ce soin unique en son genre dans une ambiance romantique et s\u00e9curis\u00e9e.<br \/>\u00c0 deux, vous allez pouvoir d\u00e9couvrir de nouvelles sensations, rel\u00e2cher les tensions et penser \u00e0 100% \u00e0 votre \u00e9panouissement sexuel.<\/p><h2>O\u00f9 faire un massage \u00e9rotique \u00e0 Paris ?<\/h2><p>Vous \u00eates \u00e0 la recherche d\u2019un institut de confiance \u00e0 Paris ? Chez SZEN, \u00e9tablissement r\u00e9put\u00e9 depuis de nombreuses ann\u00e9es \u00e0 Paris, nous vous invitons \u00e0 d\u00e9couvrir sans plus tarder nos diff\u00e9rents massages et soins pour homme et femme. Nos masseuses vous attendent avec impatience dans un cadre chaleureux et apaisant pour faire vivre un moment inoubliable sous leurs mains expertes. Plongez dans un monde de d\u00e9sir et de sensualit\u00e9 !<\/p><h2>R\u00e9server une s\u00e9ance \u00e9rotique chez SZEN \u00e0 Paris<\/h2><p>Vous souhaitez r\u00e9server une s\u00e9ance de massage sensuel dans notre institut sp\u00e9cialis\u00e9 dans le body body ? Nous vous conseillons de prendre contact avec nous afin de d\u00e9finir ensemble le soin qui vous conviendra le mieux et de prendre un rendez-vous en fonction de vos disponibilit\u00e9s. Nous pourrons \u00e9galement, lors de cette premi\u00e8re prise de contact, r\u00e9pondre \u00e0 toutes vos questions, vous parler de nos prix et vous faire part de notre exp\u00e9rience dans le domaine.<\/p>\t\t\t\t\t\t<\/div>\n\t\t\t\t<\/div>\n\t\t\t\t<\/div>\n\t\t\t\t\t<\/div>\n\t\t\t\t<\/div>\n\t\t\t\t\t\t\t<\/div>\n\t\t","protected":false},"excerpt":{"rendered":"<p>Le massage \u00e9rotique Un massage \u00e9rotique est une technique pratiqu\u00e9e \u00e0 des fins \u00e9rotiques. Dans ce type de massage sensuel, la masseuse et le mass\u00e9 sont enti\u00e8rement nus afin de r\u00e9veiller tous les sens, d\u2019augmenter le plaisir et de rel\u00e2cher toutes les tensions du quotidien.Il est important de noter que ce soin est pratiqu\u00e9 avec [&hellip;]<\/p>\n","protected":false},"author":1,"featured_media":0,"parent":0,"menu_order":2,"comment_status":"closed","ping_status":"closed","template":"page-full-width.php","meta":{"footnotes":""},"class_list":["post-8040","page","type-page","status-publish","hentry"],"yoast_head":"<!-- This site is optimized with the Yoast SEO Premium plugin v21.7 (Yoast SEO v21.7) - https:\/\/yoast.com\/wordpress\/plugins\/seo\/ -->\n<title>Le Massage Erotique. D\u00e9couvrez ce type de massage o\u00f9 tout vos sens seront en \u00e9veil.<\/title>\n<meta name=\"description\" content=\"ans ce type de massage sensuel, la masseuse et le mass\u00e9 sont enti\u00e8rement nus afin de r\u00e9veiller tous les sens.\" \/>\n<meta name=\"robots\" content=\"index, follow, max-snippet:-1, max-image-preview:large, max-video-preview:-1\" \/>\n<link rel=\"canonical\" href=\"https:\/\/www.szen.fr\/massage\/le-massage-erotique\/\" \/>\n<meta property=\"og:locale\" content=\"fr_FR\" \/>\n<meta property=\"og:type\" content=\"article\" \/>\n<meta property=\"og:title\" content=\"Le massage \u00e9rotique\" \/>\n<meta property=\"og:description\" content=\"ans ce type de massage sensuel, la masseuse et le mass\u00e9 sont enti\u00e8rement nus afin de r\u00e9veiller tous les sens.\" \/>\n<meta property=\"og:url\" content=\"https:\/\/www.szen.fr\/massage\/le-massage-erotique\/\" \/>\n<meta property=\"og:site_name\" content=\"Wiki Massage by Szen\" \/>\n<meta property=\"article:modified_time\" content=\"2024-07-08T10:25:37+00:00\" \/>\n<meta property=\"og:image\" content=\"https:\/\/www.szen.fr\/massage\/wp-content\/uploads\/2021\/09\/insta-img-gallery-4.jpg\" \/>\n<meta name=\"twitter:card\" content=\"summary_large_image\" \/>\n<meta name=\"twitter:label1\" content=\"Dur\u00e9e de lecture estim\u00e9e\" \/>\n\t<meta name=\"twitter:data1\" content=\"6 minutes\" \/>\n<script type=\"application\/ld+json\" class=\"yoast-schema-graph\">{\"@context\":\"https:\/\/schema.org\",\"@graph\":[{\"@type\":\"WebPage\",\"@id\":\"https:\/\/www.szen.fr\/massage\/le-massage-erotique\/\",\"url\":\"https:\/\/www.szen.fr\/massage\/le-massage-erotique\/\",\"name\":\"Le Massage Erotique. D\u00e9couvrez ce type de massage o\u00f9 tout vos sens seront en \u00e9veil.\",\"isPartOf\":{\"@id\":\"https:\/\/www.szen.fr\/massage\/#website\"},\"datePublished\":\"2024-02-05T13:20:48+00:00\",\"dateModified\":\"2024-07-08T10:25:37+00:00\",\"description\":\"ans ce type de massage sensuel, la masseuse et le mass\u00e9 sont enti\u00e8rement nus afin de r\u00e9veiller tous les sens.\",\"breadcrumb\":{\"@id\":\"https:\/\/www.szen.fr\/massage\/le-massage-erotique\/#breadcrumb\"},\"inLanguage\":\"fr-FR\",\"potentialAction\":[{\"@type\":\"ReadAction\",\"target\":[\"https:\/\/www.szen.fr\/massage\/le-massage-erotique\/\"]}]},{\"@type\":\"BreadcrumbList\",\"@id\":\"https:\/\/www.szen.fr\/massage\/le-massage-erotique\/#breadcrumb\",\"itemListElement\":[{\"@type\":\"ListItem\",\"position\":1,\"name\":\"Accueil\",\"item\":\"https:\/\/www.szen.fr\/massage\/\"},{\"@type\":\"ListItem\",\"position\":2,\"name\":\"Le massage \u00e9rotique\"}]},{\"@type\":\"WebSite\",\"@id\":\"https:\/\/www.szen.fr\/massage\/#website\",\"url\":\"https:\/\/www.szen.fr\/massage\/\",\"name\":\"Wiki Massage by Szen\",\"description\":\"\",\"publisher\":{\"@id\":\"https:\/\/www.szen.fr\/massage\/#organization\"},\"potentialAction\":[{\"@type\":\"SearchAction\",\"target\":{\"@type\":\"EntryPoint\",\"urlTemplate\":\"https:\/\/www.szen.fr\/massage\/?s={search_term_string}\"},\"query-input\":\"required name=search_term_string\"}],\"inLanguage\":\"fr-FR\"},{\"@type\":\"Organization\",\"@id\":\"https:\/\/www.szen.fr\/massage\/#organization\",\"name\":\"Wiki Massage by Szen\",\"url\":\"https:\/\/www.szen.fr\/massage\/\",\"logo\":{\"@type\":\"ImageObject\",\"inLanguage\":\"fr-FR\",\"@id\":\"https:\/\/www.szen.fr\/massage\/#\/schema\/logo\/image\/\",\"url\":\"https:\/\/www.szen.fr\/massage\/wp-content\/uploads\/2023\/12\/cropped-logo-wiki-massage.png\",\"contentUrl\":\"https:\/\/www.szen.fr\/massage\/wp-content\/uploads\/2023\/12\/cropped-logo-wiki-massage.png\",\"width\":200,\"height\":89,\"caption\":\"Wiki Massage by Szen\"},\"image\":{\"@id\":\"https:\/\/www.szen.fr\/massage\/#\/schema\/logo\/image\/\"}}]}<\/script>\n<!-- \/ Yoast SEO Premium plugin. -->","yoast_head_json":{"title":"Le Massage Erotique. D\u00e9couvrez ce type de massage o\u00f9 tout vos sens seront en \u00e9veil.","description":"ans ce type de massage sensuel, la masseuse et le mass\u00e9 sont enti\u00e8rement nus afin de r\u00e9veiller tous les sens.","robots":{"index":"index","follow":"follow","max-snippet":"max-snippet:-1","max-image-preview":"max-image-preview:large","max-video-preview":"max-video-preview:-1"},"canonical":"https:\/\/www.szen.fr\/massage\/le-massage-erotique\/","og_locale":"fr_FR","og_type":"article","og_title":"Le massage \u00e9rotique","og_description":"ans ce type de massage sensuel, la masseuse et le mass\u00e9 sont enti\u00e8rement nus afin de r\u00e9veiller tous les sens.","og_url":"https:\/\/www.szen.fr\/massage\/le-massage-erotique\/","og_site_name":"Wiki Massage by Szen","article_modified_time":"2024-07-08T10:25:37+00:00","og_image":[{"url":"https:\/\/www.szen.fr\/massage\/wp-content\/uploads\/2021\/09\/insta-img-gallery-4.jpg"}],"twitter_card":"summary_large_image","twitter_misc":{"Dur\u00e9e de lecture estim\u00e9e":"6 minutes"},"schema":{"@context":"https:\/\/schema.org","@graph":[{"@type":"WebPage","@id":"https:\/\/www.szen.fr\/massage\/le-massage-erotique\/","url":"https:\/\/www.szen.fr\/massage\/le-massage-erotique\/","name":"Le Massage Erotique. D\u00e9couvrez ce type de massage o\u00f9 tout vos sens seront en \u00e9veil.","isPartOf":{"@id":"https:\/\/www.szen.fr\/massage\/#website"},"datePublished":"2024-02-05T13:20:48+00:00","dateModified":"2024-07-08T10:25:37+00:00","description":"ans ce type de massage sensuel, la masseuse et le mass\u00e9 sont enti\u00e8rement nus afin de r\u00e9veiller tous les sens.","breadcrumb":{"@id":"https:\/\/www.szen.fr\/massage\/le-massage-erotique\/#breadcrumb"},"inLanguage":"fr-FR","potentialAction":[{"@type":"ReadAction","target":["https:\/\/www.szen.fr\/massage\/le-massage-erotique\/"]}]},{"@type":"BreadcrumbList","@id":"https:\/\/www.szen.fr\/massage\/le-massage-erotique\/#breadcrumb","itemListElement":[{"@type":"ListItem","position":1,"name":"Accueil","item":"https:\/\/www.szen.fr\/massage\/"},{"@type":"ListItem","position":2,"name":"Le massage \u00e9rotique"}]},{"@type":"WebSite","@id":"https:\/\/www.szen.fr\/massage\/#website","url":"https:\/\/www.szen.fr\/massage\/","name":"Wiki Massage by Szen","description":"","publisher":{"@id":"https:\/\/www.szen.fr\/massage\/#organization"},"potentialAction":[{"@type":"SearchAction","target":{"@type":"EntryPoint","urlTemplate":"https:\/\/www.szen.fr\/massage\/?s={search_term_string}"},"query-input":"required name=search_term_string"}],"inLanguage":"fr-FR"},{"@type":"Organization","@id":"https:\/\/www.szen.fr\/massage\/#organization","name":"Wiki Massage by Szen","url":"https:\/\/www.szen.fr\/massage\/","logo":{"@type":"ImageObject","inLanguage":"fr-FR","@id":"https:\/\/www.szen.fr\/massage\/#\/schema\/logo\/image\/","url":"https:\/\/www.szen.fr\/massage\/wp-content\/uploads\/2023\/12\/cropped-logo-wiki-massage.png","contentUrl":"https:\/\/www.szen.fr\/massage\/wp-content\/uploads\/2023\/12\/cropped-logo-wiki-massage.png","width":200,"height":89,"caption":"Wiki Massage by Szen"},"image":{"@id":"https:\/\/www.szen.fr\/massage\/#\/schema\/logo\/image\/"}}]}},"_links":{"self":[{"href":"https:\/\/www.szen.fr\/massage\/wp-json\/wp\/v2\/pages\/8040","targetHints":{"allow":["GET"]}}],"collection":[{"href":"https:\/\/www.szen.fr\/massage\/wp-json\/wp\/v2\/pages"}],"about":[{"href":"https:\/\/www.szen.fr\/massage\/wp-json\/wp\/v2\/types\/page"}],"author":[{"embeddable":true,"href":"https:\/\/www.szen.fr\/massage\/wp-json\/wp\/v2\/users\/1"}],"replies":[{"embeddable":true,"href":"https:\/\/www.szen.fr\/massage\/wp-json\/wp\/v2\/comments?post=8040"}],"version-history":[{"count":7,"href":"https:\/\/www.szen.fr\/massage\/wp-json\/wp\/v2\/pages\/8040\/revisions"}],"predecessor-version":[{"id":8047,"href":"https:\/\/www.szen.fr\/massage\/wp-json\/wp\/v2\/pages\/8040\/revisions\/8047"}],"wp:attachment":[{"href":"https:\/\/www.szen.fr\/massage\/wp-json\/wp\/v2\/media?parent=8040"}],"curies":[{"name":"wp","href":"https:\/\/api.w.org\/{rel}","templated":true}]}}