{"id":7998,"date":"2024-01-23T11:53:28","date_gmt":"2024-01-23T10:53:28","guid":{"rendered":"https:\/\/www.szen.fr\/massage\/?page_id=7998"},"modified":"2024-07-08T15:40:45","modified_gmt":"2024-07-08T13:40:45","slug":"quels-sont-les-differents-type-de-massages-tantiques-a-paris","status":"publish","type":"page","link":"https:\/\/www.szen.fr\/massage\/le-massage-tantrique\/quels-sont-les-differents-type-de-massages-tantiques-a-paris\/","title":{"rendered":"Quels sont les diff\u00e9rents types de massages tantriques propos\u00e9s dans les salons \u00e0 Paris ?"},"content":{"rendered":"\t\t<div data-elementor-type=\"wp-page\" data-elementor-id=\"7998\" class=\"elementor elementor-7998\" data-elementor-post-type=\"page\">\n\t\t\t\t\t\t\t<div class=\"elementor-element elementor-element-360632b e-flex e-con-boxed e-con e-parent\" data-id=\"360632b\" data-element_type=\"container\" data-settings=\"{&quot;content_width&quot;:&quot;boxed&quot;}\" data-core-v316-plus=\"true\">\n\t\t\t\t\t<div class=\"e-con-inner\">\n\t\t<div class=\"elementor-element elementor-element-ea0cf13 e-con-full e-flex e-con e-child\" data-id=\"ea0cf13\" data-element_type=\"container\" data-settings=\"{&quot;content_width&quot;:&quot;full&quot;}\">\n\t\t\t\t<div class=\"elementor-element elementor-element-04c8f9f elementor-widget elementor-widget-breadcrumbs\" data-id=\"04c8f9f\" data-element_type=\"widget\" data-widget_type=\"breadcrumbs.default\">\n\t\t\t\t<div class=\"elementor-widget-container\">\n\t\t\t<link rel=\"stylesheet\" href=\"https:\/\/www.szen.fr\/massage\/wp-content\/plugins\/elementor-pro\/assets\/css\/widget-theme-elements.min.css\"><p id=\"breadcrumbs\"><span><span><a href=\"https:\/\/www.szen.fr\/massage\/\">Accueil<\/a><\/span><\/span><\/p>\t\t<\/div>\n\t\t\t\t<\/div>\n\t\t\t\t<div class=\"elementor-element elementor-element-a5cc0cf elementor-widget elementor-widget-image\" data-id=\"a5cc0cf\" data-element_type=\"widget\" data-widget_type=\"image.default\">\n\t\t\t\t<div class=\"elementor-widget-container\">\n\t\t\t<style>\/*! elementor - v3.18.0 - 08-12-2023 *\/\n.elementor-widget-image{text-align:center}.elementor-widget-image a{display:inline-block}.elementor-widget-image a img[src$=\".svg\"]{width:48px}.elementor-widget-image img{vertical-align:middle;display:inline-block}<\/style>\t\t\t\t\t\t\t\t\t\t\t\t<img fetchpriority=\"high\" decoding=\"async\" width=\"1024\" height=\"512\" src=\"https:\/\/www.szen.fr\/massage\/wp-content\/uploads\/2021\/08\/h3-rev-img6-1024x512.jpg\" class=\"attachment-large size-large wp-image-6040\" alt=\"j\" srcset=\"https:\/\/www.szen.fr\/massage\/wp-content\/uploads\/2021\/08\/h3-rev-img6-1024x512.jpg 1024w, https:\/\/www.szen.fr\/massage\/wp-content\/uploads\/2021\/08\/h3-rev-img6-300x150.jpg 300w, https:\/\/www.szen.fr\/massage\/wp-content\/uploads\/2021\/08\/h3-rev-img6-768x384.jpg 768w, https:\/\/www.szen.fr\/massage\/wp-content\/uploads\/2021\/08\/h3-rev-img6-1536x768.jpg 1536w, https:\/\/www.szen.fr\/massage\/wp-content\/uploads\/2021\/08\/h3-rev-img6-1300x650.jpg 1300w, https:\/\/www.szen.fr\/massage\/wp-content\/uploads\/2021\/08\/h3-rev-img6.jpg 1680w\" sizes=\"(max-width: 1024px) 100vw, 1024px\" \/>\t\t\t\t\t\t\t\t\t\t\t\t\t\t\t<\/div>\n\t\t\t\t<\/div>\n\t\t\t\t<\/div>\n\t\t\t\t\t<\/div>\n\t\t\t\t<\/div>\n\t\t<div class=\"elementor-element elementor-element-38ac74f e-flex e-con-boxed e-con e-parent\" data-id=\"38ac74f\" data-element_type=\"container\" data-settings=\"{&quot;content_width&quot;:&quot;boxed&quot;}\" data-core-v316-plus=\"true\">\n\t\t\t\t\t<div class=\"e-con-inner\">\n\t\t<div class=\"elementor-element elementor-element-d5e1cba e-con-full e-flex e-con e-child\" data-id=\"d5e1cba\" data-element_type=\"container\" data-settings=\"{&quot;content_width&quot;:&quot;full&quot;}\">\n\t\t\t\t<div class=\"elementor-element elementor-element-5b85f3e elementor-widget elementor-widget-heading\" data-id=\"5b85f3e\" data-element_type=\"widget\" data-widget_type=\"heading.default\">\n\t\t\t\t<div class=\"elementor-widget-container\">\n\t\t\t<style>\/*! elementor - v3.18.0 - 08-12-2023 *\/\n.elementor-heading-title{padding:0;margin:0;line-height:1}.elementor-widget-heading .elementor-heading-title[class*=elementor-size-]>a{color:inherit;font-size:inherit;line-height:inherit}.elementor-widget-heading .elementor-heading-title.elementor-size-small{font-size:15px}.elementor-widget-heading .elementor-heading-title.elementor-size-medium{font-size:19px}.elementor-widget-heading .elementor-heading-title.elementor-size-large{font-size:29px}.elementor-widget-heading .elementor-heading-title.elementor-size-xl{font-size:39px}.elementor-widget-heading .elementor-heading-title.elementor-size-xxl{font-size:59px}<\/style><h1 class=\"elementor-heading-title elementor-size-default\">Quels sont les diff\u00e9rents types de massages tantriques propos\u00e9s dans les salons \u00e0 Paris ?<\/h1>\t\t<\/div>\n\t\t\t\t<\/div>\n\t\t\t\t<div class=\"elementor-element elementor-element-6c3b5b7 elementor-icon-list--layout-traditional elementor-list-item-link-full_width elementor-widget elementor-widget-icon-list\" data-id=\"6c3b5b7\" data-element_type=\"widget\" data-widget_type=\"icon-list.default\">\n\t\t\t\t<div class=\"elementor-widget-container\">\n\t\t\t<link rel=\"stylesheet\" href=\"https:\/\/www.szen.fr\/massage\/wp-content\/plugins\/elementor\/assets\/css\/widget-icon-list.min.css\">\t\t<ul class=\"elementor-icon-list-items\">\n\t\t\t\t\t\t\t<li class=\"elementor-icon-list-item\">\n\t\t\t\t\t\t\t\t\t\t\t<a href=\"https:\/\/www.szen.fr\/massage\/le-massage-tantrique\/qu-est-ce-que-le-tantrisme\/\">\n\n\t\t\t\t\t\t\t\t\t\t\t<span class=\"elementor-icon-list-text\">Qu'est ce que le tantrisme ?<\/span>\n\t\t\t\t\t\t\t\t\t\t\t<\/a>\n\t\t\t\t\t\t\t\t\t<\/li>\n\t\t\t\t\t\t\t\t<li class=\"elementor-icon-list-item\">\n\t\t\t\t\t\t\t\t\t\t\t<a href=\"https:\/\/www.szen.fr\/massage\/le-massage-tantrique\/histoire-du-tantrisme\/\">\n\n\t\t\t\t\t\t\t\t\t\t\t<span class=\"elementor-icon-list-text\">Histoire du tantrisme<\/span>\n\t\t\t\t\t\t\t\t\t\t\t<\/a>\n\t\t\t\t\t\t\t\t\t<\/li>\n\t\t\t\t\t\t\t\t<li class=\"elementor-icon-list-item\">\n\t\t\t\t\t\t\t\t\t\t\t<a href=\"https:\/\/www.szen.fr\/massage\/le-massage-tantrique\/le-bouddhisme-tantrique\/\">\n\n\t\t\t\t\t\t\t\t\t\t\t<span class=\"elementor-icon-list-text\">Le Bouddhisme tantrique<\/span>\n\t\t\t\t\t\t\t\t\t\t\t<\/a>\n\t\t\t\t\t\t\t\t\t<\/li>\n\t\t\t\t\t\t\t\t<li class=\"elementor-icon-list-item\">\n\t\t\t\t\t\t\t\t\t\t\t<a href=\"https:\/\/www.szen.fr\/massage\/le-massage-tantrique\/les-sectes-tantriques\/\">\n\n\t\t\t\t\t\t\t\t\t\t\t<span class=\"elementor-icon-list-text\">Les Sectes Tantriques<\/span>\n\t\t\t\t\t\t\t\t\t\t\t<\/a>\n\t\t\t\t\t\t\t\t\t<\/li>\n\t\t\t\t\t\t\t\t<li class=\"elementor-icon-list-item\">\n\t\t\t\t\t\t\t\t\t\t\t<a href=\"https:\/\/www.szen.fr\/massage\/quels-sont-les-differents-type-de-massages-tantiques-a-paris\">\n\n\t\t\t\t\t\t\t\t\t\t\t<span class=\"elementor-icon-list-text\">Massages tantriques \u00e0 Paris<\/span>\n\t\t\t\t\t\t\t\t\t\t\t<\/a>\n\t\t\t\t\t\t\t\t\t<\/li>\n\t\t\t\t\t\t\t\t<li class=\"elementor-icon-list-item\">\n\t\t\t\t\t\t\t\t\t\t\t<a href=\"https:\/\/www.szen.fr\/massage\/le-massage-tantrique\/les-salons-de-massages-tantriques-a-paris\/\">\n\n\t\t\t\t\t\t\t\t\t\t\t<span class=\"elementor-icon-list-text\">Les salons de massages tantriques \u00e0 Paris<\/span>\n\t\t\t\t\t\t\t\t\t\t\t<\/a>\n\t\t\t\t\t\t\t\t\t<\/li>\n\t\t\t\t\t\t\t\t<li class=\"elementor-icon-list-item\">\n\t\t\t\t\t\t\t\t\t\t\t<a href=\"https:\/\/www.szen.fr\/massage\/le-massage-tantrique\/2-autres-massages-tantriques\/\">\n\n\t\t\t\t\t\t\t\t\t\t\t<span class=\"elementor-icon-list-text\">2 autres massages tantriques<\/span>\n\t\t\t\t\t\t\t\t\t\t\t<\/a>\n\t\t\t\t\t\t\t\t\t<\/li>\n\t\t\t\t\t\t<\/ul>\n\t\t\t\t<\/div>\n\t\t\t\t<\/div>\n\t\t\t\t<\/div>\n\t\t<div class=\"elementor-element elementor-element-f292363 e-con-full e-flex e-con e-child\" data-id=\"f292363\" data-element_type=\"container\" data-settings=\"{&quot;content_width&quot;:&quot;full&quot;}\">\n\t\t\t\t<div class=\"elementor-element elementor-element-962a94a elementor-widget elementor-widget-text-editor\" data-id=\"962a94a\" data-element_type=\"widget\" data-widget_type=\"text-editor.default\">\n\t\t\t\t<div class=\"elementor-widget-container\">\n\t\t\t<style>\/*! elementor - v3.18.0 - 08-12-2023 *\/\n.elementor-widget-text-editor.elementor-drop-cap-view-stacked .elementor-drop-cap{background-color:#69727d;color:#fff}.elementor-widget-text-editor.elementor-drop-cap-view-framed .elementor-drop-cap{color:#69727d;border:3px solid;background-color:transparent}.elementor-widget-text-editor:not(.elementor-drop-cap-view-default) .elementor-drop-cap{margin-top:8px}.elementor-widget-text-editor:not(.elementor-drop-cap-view-default) .elementor-drop-cap-letter{width:1em;height:1em}.elementor-widget-text-editor .elementor-drop-cap{float:left;text-align:center;line-height:1;font-size:50px}.elementor-widget-text-editor .elementor-drop-cap-letter{display:inline-block}<\/style>\t\t\t\t<p>Vous \u00eates \u00e0 la recherche d\u2019un massage tantrique professionnel dans un salon \u00e0 Paris ? Vous souhaitez en savoir plus sur les diff\u00e9rents massages tantriques propos\u00e9s ?<br \/>SZEN, institut professionnel sp\u00e9cialis\u00e9 dans les massages naturistes et body body \u00e0 Paris, vous propose d\u2019en savoir plus sur ce soin unique en son genre r\u00e9alis\u00e9 par notre belle masseuse Celine.<\/p><h2>Le massage tantrique : qu\u2019est-ce que c\u2019est ?<\/h2><p>Tout d\u2019abord, il est important de comprendre ce qu\u2019est pr\u00e9cis\u00e9ment un massage tantra professionnel. R\u00e9alis\u00e9 par un masseur ou une masseuse dans un espace chaleureux et accueillant, ce type de massage naturiste s\u2019effectue avec des mouvements lents, doux et sensuels. Par ailleurs, la pression est l\u00e9g\u00e8re, voire mod\u00e9r\u00e9e selon les envies. Enfin, les masseuses travaillent sur les diff\u00e9rents points de pression et centres d\u2019\u00e9nergie, aussi appel\u00e9s chakras, pour favoriser l\u2019\u00e9veil mental et renforcer le contr\u00f4le de l\u2019\u00e9nergie sexuelle. Lors d\u2019une s\u00e9ance dans un salon sp\u00e9cialis\u00e9 en massage tantra, les masseuses proposent \u00e9galement des techniques de respiration et de m\u00e9ditation.<br \/>Vous l\u2019aurez compris, le massage tantrique \u00e0 Paris offre une exp\u00e9rience inoubliable et vous ouvre les portes d\u2019un monde o\u00f9 la relaxation et le bien-\u00eatre font sens. Avec ce soin naturiste, vous prenez pleinement conscience de votre \u00eatre int\u00e9rieur et de votre corps.<\/p><h2>Existe-t-il diff\u00e9rents types de massages tantriques ?<\/h2><p>Dans le monde, il existe de nombreux massages tantriques r\u00e9alis\u00e9s par des masseuses avec une forte exp\u00e9rience dans le domaine. D\u00e9couvrez ci-dessous les 3 massages les plus connus en France.<\/p><h3>Le massage tantrique classique<\/h3><p>Celui-ci se d\u00e9roule g\u00e9n\u00e9ralement en quelques \u00e9tapes. Apr\u00e8s avoir discut\u00e9 avec la masseuse de vos ant\u00e9c\u00e9dents m\u00e9dicaux et de vos attentes concernant la s\u00e9ance, vous pourrez prendre une douche et vous allonger nu ou en sous-v\u00eatements sur une table de massage. La masseuse commencera alors par masser votre dos en variant les pressions, puis se concentrera sur vos pieds et vos jambes gr\u00e2ce \u00e0 son toucher exp\u00e9riment\u00e9. Elle massera \u00e9galement les bras puis les mains. Enfin, elle pourra se concentrer sur votre cou, vos \u00e9paules et votre visage. Apr\u00e8s ce massage intense, vous profiterez de quelques minutes de d\u00e9tente.<\/p><h3>Le massage tantrique rouge<\/h3><p>Ce type de massage se concentre principalement sur l\u2019\u00e9nergie sexuelle.<br \/>Attention : il peut inclure des pratiques \u00e9rotiques ! Il faut donc se sentir \u00e0 l\u2019aise avec cette pratique.<\/p><h3>Le massage tantrique cachemirien<\/h3><p>Ce massage est consid\u00e9r\u00e9 comme une variante du massage tantrique classique. En effet, il se concentre \u00e0 la fois sur l\u2019\u00e9nergie sexuelle et la conscience de soi gr\u00e2ce \u00e0 l\u2019utilisation de diff\u00e9rentes techniques de respiration et de toucher sensuel.<\/p><h3>Quelle est la diff\u00e9rence entre le massage tantrique et le massage du lingam ?<\/h3><p>Comme nous l\u2019avons vu pr\u00e9c\u00e9demment, le massage tantrique est une pratique r\u00e9alis\u00e9e en salon qui vise \u00e0 \u00e9veiller, voire stimuler, tout en d\u00e9veloppant la conscience de son \u00eatre profond et de son corps. Au contraire, le massage lingam se concentre en priorit\u00e9 sur le p\u00e9nis et les zones qui l\u2019entourent afin d\u2019offrir un plaisir autant sexuel que spirituel.<br \/>Bon \u00e0 savoir : pour chaque soin, une douche est propos\u00e9e afin de r\u00e9aliser la prestation dans les meilleures conditions possibles et avec une hygi\u00e8ne irr\u00e9prochable.<\/p><h2>Comment aller dans un salon pour un massage tantra ?<\/h2><p>\u00c0 Paris, vous pouvez vous rendre facilement dans votre salon de massage pr\u00e9f\u00e9r\u00e9 en bus ou en m\u00e9tro. Pour \u00e9viter toutefois les al\u00e9as de la circulation en centre-ville, privil\u00e9giez le m\u00e9tro. Vous arriverez ainsi \u00e0 l\u2019heure pour votre s\u00e9ance chez SZEN ! Il ne vous restera plus qu\u2019\u00e0 prendre une douche et \u00e0 d\u00e9connecter votre esprit pour profiter pleinement de toutes les minutes de ce soin unique. Celine &amp; Carine se feront un plaisir de vous souhaiter la bienvenue dans un espace chaleureux et intimiste.<\/p><h2>D\u00e9couvrez tous les types de massages tantriques chez SZEN \u00e0 Paris en France<\/h2><p>Chez SZEN, salon sp\u00e9cialis\u00e9 dans le massage body body et le massage tantra de qualit\u00e9 \u00e0 Paris en France, Celine &amp; Carine vous invitent \u00e0 vivre un v\u00e9ritable voyage au c\u0153ur de vos sensations et de votre beaut\u00e9 int\u00e9rieure pendant de longues et agr\u00e9ables minutes. Oubliez le stress du quotidien et profitez d\u2019un moment plein de douceur, seul ou en couple pour un plaisir mutuel. Rel\u00e2chez les tensions de votre corps et de votre esprit, et ressentez toutes les vibrations sur votre peau. Un v\u00e9ritable instant de relaxation vous attend entre les mains expertes de nos masseuses Celine &amp; Carine.<\/p>\t\t\t\t\t\t<\/div>\n\t\t\t\t<\/div>\n\t\t\t\t<\/div>\n\t\t\t\t\t<\/div>\n\t\t\t\t<\/div>\n\t\t\t\t\t\t\t<\/div>\n\t\t","protected":false},"excerpt":{"rendered":"<p>Quels sont les diff\u00e9rents types de massages tantriques propos\u00e9s dans les salons \u00e0 Paris ? Qu&rsquo;est ce que le tantrisme ? Histoire du tantrisme Le Bouddhisme tantrique Les Sectes Tantriques Massages tantriques \u00e0 Paris Les salons de massages tantriques \u00e0 Paris 2 autres massages tantriques Vous \u00eates \u00e0 la recherche d\u2019un massage tantrique professionnel dans [&hellip;]<\/p>\n","protected":false},"author":1,"featured_media":0,"parent":7505,"menu_order":1,"comment_status":"closed","ping_status":"closed","template":"page-full-width.php","meta":{"footnotes":""},"class_list":["post-7998","page","type-page","status-publish","hentry"],"yoast_head":"<!-- This site is optimized with the Yoast SEO Premium plugin v21.7 (Yoast SEO v21.7) - https:\/\/yoast.com\/wordpress\/plugins\/seo\/ -->\n<title>Quels sont les diff\u00e9rents types de massages tantriques propos\u00e9s dans les salons \u00e0 Paris ?<\/title>\n<meta name=\"description\" content=\"Quels sont les diff\u00e9rents types de massages tantriques propos\u00e9s dans les salons \u00e0 Paris ?\" \/>\n<meta name=\"robots\" content=\"index, follow, max-snippet:-1, max-image-preview:large, max-video-preview:-1\" \/>\n<link rel=\"canonical\" href=\"https:\/\/www.szen.fr\/massage\/le-massage-tantrique\/quels-sont-les-differents-type-de-massages-tantiques-a-paris\/\" \/>\n<meta property=\"og:locale\" content=\"fr_FR\" \/>\n<meta property=\"og:type\" content=\"article\" \/>\n<meta property=\"og:title\" content=\"Quels sont les diff\u00e9rents types de massages tantriques propos\u00e9s dans les salons \u00e0 Paris ?\" \/>\n<meta property=\"og:description\" content=\"Quels sont les diff\u00e9rents types de massages tantriques propos\u00e9s dans les salons \u00e0 Paris ?\" \/>\n<meta property=\"og:url\" content=\"https:\/\/www.szen.fr\/massage\/le-massage-tantrique\/quels-sont-les-differents-type-de-massages-tantiques-a-paris\/\" \/>\n<meta property=\"og:site_name\" content=\"Wiki Massage by Szen\" \/>\n<meta property=\"article:modified_time\" content=\"2024-07-08T13:40:45+00:00\" \/>\n<meta property=\"og:image\" content=\"https:\/\/www.szen.fr\/massage\/wp-content\/uploads\/2021\/08\/h3-rev-img6-1024x512.jpg\" \/>\n<meta name=\"twitter:card\" content=\"summary_large_image\" \/>\n<meta name=\"twitter:label1\" content=\"Dur\u00e9e de lecture estim\u00e9e\" \/>\n\t<meta name=\"twitter:data1\" content=\"5 minutes\" \/>\n<script type=\"application\/ld+json\" class=\"yoast-schema-graph\">{\"@context\":\"https:\/\/schema.org\",\"@graph\":[{\"@type\":\"WebPage\",\"@id\":\"https:\/\/www.szen.fr\/massage\/le-massage-tantrique\/quels-sont-les-differents-type-de-massages-tantiques-a-paris\/\",\"url\":\"https:\/\/www.szen.fr\/massage\/le-massage-tantrique\/quels-sont-les-differents-type-de-massages-tantiques-a-paris\/\",\"name\":\"Quels sont les diff\u00e9rents types de massages tantriques propos\u00e9s dans les salons \u00e0 Paris ?\",\"isPartOf\":{\"@id\":\"https:\/\/www.szen.fr\/massage\/#website\"},\"datePublished\":\"2024-01-23T10:53:28+00:00\",\"dateModified\":\"2024-07-08T13:40:45+00:00\",\"description\":\"Quels sont les diff\u00e9rents types de massages tantriques propos\u00e9s dans les salons \u00e0 Paris ?\",\"breadcrumb\":{\"@id\":\"https:\/\/www.szen.fr\/massage\/le-massage-tantrique\/quels-sont-les-differents-type-de-massages-tantiques-a-paris\/#breadcrumb\"},\"inLanguage\":\"fr-FR\",\"potentialAction\":[{\"@type\":\"ReadAction\",\"target\":[\"https:\/\/www.szen.fr\/massage\/le-massage-tantrique\/quels-sont-les-differents-type-de-massages-tantiques-a-paris\/\"]}]},{\"@type\":\"BreadcrumbList\",\"@id\":\"https:\/\/www.szen.fr\/massage\/le-massage-tantrique\/quels-sont-les-differents-type-de-massages-tantiques-a-paris\/#breadcrumb\",\"itemListElement\":[{\"@type\":\"ListItem\",\"position\":1,\"name\":\"Accueil\",\"item\":\"https:\/\/www.szen.fr\/massage\/\"},{\"@type\":\"ListItem\",\"position\":2,\"name\":\"Le massage Tantrique\",\"item\":\"https:\/\/www.szen.fr\/massage\/le-massage-tantrique\/\"},{\"@type\":\"ListItem\",\"position\":3,\"name\":\"Quels sont les diff\u00e9rents types de massages tantriques propos\u00e9s dans les salons \u00e0 Paris ?\"}]},{\"@type\":\"WebSite\",\"@id\":\"https:\/\/www.szen.fr\/massage\/#website\",\"url\":\"https:\/\/www.szen.fr\/massage\/\",\"name\":\"Wiki Massage by Szen\",\"description\":\"\",\"publisher\":{\"@id\":\"https:\/\/www.szen.fr\/massage\/#organization\"},\"potentialAction\":[{\"@type\":\"SearchAction\",\"target\":{\"@type\":\"EntryPoint\",\"urlTemplate\":\"https:\/\/www.szen.fr\/massage\/?s={search_term_string}\"},\"query-input\":\"required name=search_term_string\"}],\"inLanguage\":\"fr-FR\"},{\"@type\":\"Organization\",\"@id\":\"https:\/\/www.szen.fr\/massage\/#organization\",\"name\":\"Wiki Massage by Szen\",\"url\":\"https:\/\/www.szen.fr\/massage\/\",\"logo\":{\"@type\":\"ImageObject\",\"inLanguage\":\"fr-FR\",\"@id\":\"https:\/\/www.szen.fr\/massage\/#\/schema\/logo\/image\/\",\"url\":\"https:\/\/www.szen.fr\/massage\/wp-content\/uploads\/2023\/12\/cropped-logo-wiki-massage.png\",\"contentUrl\":\"https:\/\/www.szen.fr\/massage\/wp-content\/uploads\/2023\/12\/cropped-logo-wiki-massage.png\",\"width\":200,\"height\":89,\"caption\":\"Wiki Massage by Szen\"},\"image\":{\"@id\":\"https:\/\/www.szen.fr\/massage\/#\/schema\/logo\/image\/\"}}]}<\/script>\n<!-- \/ Yoast SEO Premium plugin. -->","yoast_head_json":{"title":"Quels sont les diff\u00e9rents types de massages tantriques propos\u00e9s dans les salons \u00e0 Paris ?","description":"Quels sont les diff\u00e9rents types de massages tantriques propos\u00e9s dans les salons \u00e0 Paris ?","robots":{"index":"index","follow":"follow","max-snippet":"max-snippet:-1","max-image-preview":"max-image-preview:large","max-video-preview":"max-video-preview:-1"},"canonical":"https:\/\/www.szen.fr\/massage\/le-massage-tantrique\/quels-sont-les-differents-type-de-massages-tantiques-a-paris\/","og_locale":"fr_FR","og_type":"article","og_title":"Quels sont les diff\u00e9rents types de massages tantriques propos\u00e9s dans les salons \u00e0 Paris ?","og_description":"Quels sont les diff\u00e9rents types de massages tantriques propos\u00e9s dans les salons \u00e0 Paris ?","og_url":"https:\/\/www.szen.fr\/massage\/le-massage-tantrique\/quels-sont-les-differents-type-de-massages-tantiques-a-paris\/","og_site_name":"Wiki Massage by Szen","article_modified_time":"2024-07-08T13:40:45+00:00","og_image":[{"url":"https:\/\/www.szen.fr\/massage\/wp-content\/uploads\/2021\/08\/h3-rev-img6-1024x512.jpg"}],"twitter_card":"summary_large_image","twitter_misc":{"Dur\u00e9e de lecture estim\u00e9e":"5 minutes"},"schema":{"@context":"https:\/\/schema.org","@graph":[{"@type":"WebPage","@id":"https:\/\/www.szen.fr\/massage\/le-massage-tantrique\/quels-sont-les-differents-type-de-massages-tantiques-a-paris\/","url":"https:\/\/www.szen.fr\/massage\/le-massage-tantrique\/quels-sont-les-differents-type-de-massages-tantiques-a-paris\/","name":"Quels sont les diff\u00e9rents types de massages tantriques propos\u00e9s dans les salons \u00e0 Paris ?","isPartOf":{"@id":"https:\/\/www.szen.fr\/massage\/#website"},"datePublished":"2024-01-23T10:53:28+00:00","dateModified":"2024-07-08T13:40:45+00:00","description":"Quels sont les diff\u00e9rents types de massages tantriques propos\u00e9s dans les salons \u00e0 Paris ?","breadcrumb":{"@id":"https:\/\/www.szen.fr\/massage\/le-massage-tantrique\/quels-sont-les-differents-type-de-massages-tantiques-a-paris\/#breadcrumb"},"inLanguage":"fr-FR","potentialAction":[{"@type":"ReadAction","target":["https:\/\/www.szen.fr\/massage\/le-massage-tantrique\/quels-sont-les-differents-type-de-massages-tantiques-a-paris\/"]}]},{"@type":"BreadcrumbList","@id":"https:\/\/www.szen.fr\/massage\/le-massage-tantrique\/quels-sont-les-differents-type-de-massages-tantiques-a-paris\/#breadcrumb","itemListElement":[{"@type":"ListItem","position":1,"name":"Accueil","item":"https:\/\/www.szen.fr\/massage\/"},{"@type":"ListItem","position":2,"name":"Le massage Tantrique","item":"https:\/\/www.szen.fr\/massage\/le-massage-tantrique\/"},{"@type":"ListItem","position":3,"name":"Quels sont les diff\u00e9rents types de massages tantriques propos\u00e9s dans les salons \u00e0 Paris ?"}]},{"@type":"WebSite","@id":"https:\/\/www.szen.fr\/massage\/#website","url":"https:\/\/www.szen.fr\/massage\/","name":"Wiki Massage by Szen","description":"","publisher":{"@id":"https:\/\/www.szen.fr\/massage\/#organization"},"potentialAction":[{"@type":"SearchAction","target":{"@type":"EntryPoint","urlTemplate":"https:\/\/www.szen.fr\/massage\/?s={search_term_string}"},"query-input":"required name=search_term_string"}],"inLanguage":"fr-FR"},{"@type":"Organization","@id":"https:\/\/www.szen.fr\/massage\/#organization","name":"Wiki Massage by Szen","url":"https:\/\/www.szen.fr\/massage\/","logo":{"@type":"ImageObject","inLanguage":"fr-FR","@id":"https:\/\/www.szen.fr\/massage\/#\/schema\/logo\/image\/","url":"https:\/\/www.szen.fr\/massage\/wp-content\/uploads\/2023\/12\/cropped-logo-wiki-massage.png","contentUrl":"https:\/\/www.szen.fr\/massage\/wp-content\/uploads\/2023\/12\/cropped-logo-wiki-massage.png","width":200,"height":89,"caption":"Wiki Massage by Szen"},"image":{"@id":"https:\/\/www.szen.fr\/massage\/#\/schema\/logo\/image\/"}}]}},"_links":{"self":[{"href":"https:\/\/www.szen.fr\/massage\/wp-json\/wp\/v2\/pages\/7998","targetHints":{"allow":["GET"]}}],"collection":[{"href":"https:\/\/www.szen.fr\/massage\/wp-json\/wp\/v2\/pages"}],"about":[{"href":"https:\/\/www.szen.fr\/massage\/wp-json\/wp\/v2\/types\/page"}],"author":[{"embeddable":true,"href":"https:\/\/www.szen.fr\/massage\/wp-json\/wp\/v2\/users\/1"}],"replies":[{"embeddable":true,"href":"https:\/\/www.szen.fr\/massage\/wp-json\/wp\/v2\/comments?post=7998"}],"version-history":[{"count":10,"href":"https:\/\/www.szen.fr\/massage\/wp-json\/wp\/v2\/pages\/7998\/revisions"}],"predecessor-version":[{"id":8217,"href":"https:\/\/www.szen.fr\/massage\/wp-json\/wp\/v2\/pages\/7998\/revisions\/8217"}],"up":[{"embeddable":true,"href":"https:\/\/www.szen.fr\/massage\/wp-json\/wp\/v2\/pages\/7505"}],"wp:attachment":[{"href":"https:\/\/www.szen.fr\/massage\/wp-json\/wp\/v2\/media?parent=7998"}],"curies":[{"name":"wp","href":"https:\/\/api.w.org\/{rel}","templated":true}]}}