{"id":7877,"date":"2023-12-28T12:12:40","date_gmt":"2023-12-28T11:12:40","guid":{"rendered":"https:\/\/www.szen.fr\/massage\/?page_id=7877"},"modified":"2023-12-28T13:02:11","modified_gmt":"2023-12-28T12:02:11","slug":"le-massage-body-body-pour-qui","status":"publish","type":"page","link":"https:\/\/www.szen.fr\/massage\/le-massage-body-body\/le-massage-body-body-pour-qui\/","title":{"rendered":"Le massage body body : pour qui ?"},"content":{"rendered":"\t\t<div data-elementor-type=\"wp-page\" data-elementor-id=\"7877\" class=\"elementor elementor-7877\" data-elementor-post-type=\"page\">\n\t\t\t\t\t\t\t<div class=\"elementor-element elementor-element-360632b e-flex e-con-boxed e-con e-parent\" data-id=\"360632b\" data-element_type=\"container\" data-settings=\"{&quot;content_width&quot;:&quot;boxed&quot;}\" data-core-v316-plus=\"true\">\n\t\t\t\t\t<div class=\"e-con-inner\">\n\t\t<div class=\"elementor-element elementor-element-ea0cf13 e-con-full e-flex e-con e-child\" data-id=\"ea0cf13\" data-element_type=\"container\" data-settings=\"{&quot;content_width&quot;:&quot;full&quot;}\">\n\t\t\t\t<div class=\"elementor-element elementor-element-a246298 elementor-widget elementor-widget-breadcrumbs\" data-id=\"a246298\" data-element_type=\"widget\" data-widget_type=\"breadcrumbs.default\">\n\t\t\t\t<div class=\"elementor-widget-container\">\n\t\t\t<link rel=\"stylesheet\" href=\"https:\/\/www.szen.fr\/massage\/wp-content\/plugins\/elementor-pro\/assets\/css\/widget-theme-elements.min.css\"><p id=\"breadcrumbs\"><span><span><a href=\"https:\/\/www.szen.fr\/massage\/\">Accueil<\/a><\/span><\/span><\/p>\t\t<\/div>\n\t\t\t\t<\/div>\n\t\t\t\t<div class=\"elementor-element elementor-element-a5cc0cf elementor-widget elementor-widget-image\" data-id=\"a5cc0cf\" data-element_type=\"widget\" alt=\"le massage tantrique\" data-widget_type=\"image.default\">\n\t\t\t\t<div class=\"elementor-widget-container\">\n\t\t\t<style>\/*! elementor - v3.18.0 - 08-12-2023 *\/\n.elementor-widget-image{text-align:center}.elementor-widget-image a{display:inline-block}.elementor-widget-image a img[src$=\".svg\"]{width:48px}.elementor-widget-image img{vertical-align:middle;display:inline-block}<\/style>\t\t\t\t\t\t\t\t\t\t\t\t<img fetchpriority=\"high\" decoding=\"async\" width=\"1024\" height=\"512\" src=\"https:\/\/www.szen.fr\/massage\/wp-content\/uploads\/2023\/12\/massage-tantrique-paris-1024x512.jpg\" class=\"attachment-large size-large wp-image-7708\" alt=\"massage tantrique\" srcset=\"https:\/\/www.szen.fr\/massage\/wp-content\/uploads\/2023\/12\/massage-tantrique-paris-1024x512.jpg 1024w, https:\/\/www.szen.fr\/massage\/wp-content\/uploads\/2023\/12\/massage-tantrique-paris-300x150.jpg 300w, https:\/\/www.szen.fr\/massage\/wp-content\/uploads\/2023\/12\/massage-tantrique-paris-768x384.jpg 768w, https:\/\/www.szen.fr\/massage\/wp-content\/uploads\/2023\/12\/massage-tantrique-paris-1536x768.jpg 1536w, https:\/\/www.szen.fr\/massage\/wp-content\/uploads\/2023\/12\/massage-tantrique-paris-1300x650.jpg 1300w, https:\/\/www.szen.fr\/massage\/wp-content\/uploads\/2023\/12\/massage-tantrique-paris.jpg 2000w\" sizes=\"(max-width: 1024px) 100vw, 1024px\" \/>\t\t\t\t\t\t\t\t\t\t\t\t\t\t\t<\/div>\n\t\t\t\t<\/div>\n\t\t\t\t<\/div>\n\t\t\t\t\t<\/div>\n\t\t\t\t<\/div>\n\t\t<div class=\"elementor-element elementor-element-38ac74f e-flex e-con-boxed e-con e-parent\" data-id=\"38ac74f\" data-element_type=\"container\" data-settings=\"{&quot;content_width&quot;:&quot;boxed&quot;}\" data-core-v316-plus=\"true\">\n\t\t\t\t\t<div class=\"e-con-inner\">\n\t\t<div class=\"elementor-element elementor-element-d5e1cba e-con-full e-flex e-con e-child\" data-id=\"d5e1cba\" data-element_type=\"container\" data-settings=\"{&quot;content_width&quot;:&quot;full&quot;}\">\n\t\t\t\t<div class=\"elementor-element elementor-element-5b85f3e elementor-widget elementor-widget-heading\" data-id=\"5b85f3e\" data-element_type=\"widget\" data-widget_type=\"heading.default\">\n\t\t\t\t<div class=\"elementor-widget-container\">\n\t\t\t<style>\/*! elementor - v3.18.0 - 08-12-2023 *\/\n.elementor-heading-title{padding:0;margin:0;line-height:1}.elementor-widget-heading .elementor-heading-title[class*=elementor-size-]>a{color:inherit;font-size:inherit;line-height:inherit}.elementor-widget-heading .elementor-heading-title.elementor-size-small{font-size:15px}.elementor-widget-heading .elementor-heading-title.elementor-size-medium{font-size:19px}.elementor-widget-heading .elementor-heading-title.elementor-size-large{font-size:29px}.elementor-widget-heading .elementor-heading-title.elementor-size-xl{font-size:39px}.elementor-widget-heading .elementor-heading-title.elementor-size-xxl{font-size:59px}<\/style><h1 class=\"elementor-heading-title elementor-size-default\">Le massage body body : pour qui ?<\/h1>\t\t<\/div>\n\t\t\t\t<\/div>\n\t\t\t\t<div class=\"elementor-element elementor-element-bab13ad elementor-icon-list--layout-traditional elementor-list-item-link-full_width elementor-widget elementor-widget-icon-list\" data-id=\"bab13ad\" data-element_type=\"widget\" data-widget_type=\"icon-list.default\">\n\t\t\t\t<div class=\"elementor-widget-container\">\n\t\t\t<link rel=\"stylesheet\" href=\"https:\/\/www.szen.fr\/massage\/wp-content\/plugins\/elementor\/assets\/css\/widget-icon-list.min.css\">\t\t<ul class=\"elementor-icon-list-items\">\n\t\t\t\t\t\t\t<li class=\"elementor-icon-list-item\">\n\t\t\t\t\t\t\t\t\t\t\t<a href=\"https:\/\/www.szen.fr\/massage\/le-massage-body-body\/quels-sont-les-avantages-du-massage-body-body\/\">\n\n\t\t\t\t\t\t\t\t\t\t\t<span class=\"elementor-icon-list-text\">Quels sont les avantages du massage body body ?<\/span>\n\t\t\t\t\t\t\t\t\t\t\t<\/a>\n\t\t\t\t\t\t\t\t\t<\/li>\n\t\t\t\t\t\t\t\t<li class=\"elementor-icon-list-item\">\n\t\t\t\t\t\t\t\t\t\t\t<a href=\"https:\/\/www.szen.fr\/massage\/le-massage-body-body\/le-massage-body-body-pour-qui\/\">\n\n\t\t\t\t\t\t\t\t\t\t\t<span class=\"elementor-icon-list-text\">Le massage body body : pour qui ?<\/span>\n\t\t\t\t\t\t\t\t\t\t\t<\/a>\n\t\t\t\t\t\t\t\t\t<\/li>\n\t\t\t\t\t\t\t\t<li class=\"elementor-icon-list-item\">\n\t\t\t\t\t\t\t\t\t\t\t<a href=\"https:\/\/www.szen.fr\/massage\/le-massage-body-body\/comment-choisir-le-meilleur-salon-pour-un-massage-body-body-a-paris\/\">\n\n\t\t\t\t\t\t\t\t\t\t\t<span class=\"elementor-icon-list-text\">Comment choisir le meilleur salon pour un massage body body \u00e0 Paris ?<\/span>\n\t\t\t\t\t\t\t\t\t\t\t<\/a>\n\t\t\t\t\t\t\t\t\t<\/li>\n\t\t\t\t\t\t\t\t<li class=\"elementor-icon-list-item\">\n\t\t\t\t\t\t\t\t\t\t\t<a href=\"https:\/\/www.szen.fr\/massage\/le-massage-body-body\/comment-se-passe-un-massage-body-body\/\">\n\n\t\t\t\t\t\t\t\t\t\t\t<span class=\"elementor-icon-list-text\">Comment se passe un massage body body ?<\/span>\n\t\t\t\t\t\t\t\t\t\t\t<\/a>\n\t\t\t\t\t\t\t\t\t<\/li>\n\t\t\t\t\t\t\t\t<li class=\"elementor-icon-list-item\">\n\t\t\t\t\t\t\t\t\t\t\t<a href=\"https:\/\/www.szen.fr\/massage\/le-massage-body-body\/quels-sont-les-bienfaits-du-massage-body-body\/\">\n\n\t\t\t\t\t\t\t\t\t\t\t<span class=\"elementor-icon-list-text\">Quels sont les bienfaits du massage body body ?<\/span>\n\t\t\t\t\t\t\t\t\t\t\t<\/a>\n\t\t\t\t\t\t\t\t\t<\/li>\n\t\t\t\t\t\t<\/ul>\n\t\t\t\t<\/div>\n\t\t\t\t<\/div>\n\t\t\t\t<\/div>\n\t\t<div class=\"elementor-element elementor-element-f292363 e-con-full e-flex e-con e-child\" data-id=\"f292363\" data-element_type=\"container\" data-settings=\"{&quot;content_width&quot;:&quot;full&quot;}\">\n\t\t\t\t<div class=\"elementor-element elementor-element-962a94a elementor-widget elementor-widget-text-editor\" data-id=\"962a94a\" data-element_type=\"widget\" data-widget_type=\"text-editor.default\">\n\t\t\t\t<div class=\"elementor-widget-container\">\n\t\t\t<style>\/*! elementor - v3.18.0 - 08-12-2023 *\/\n.elementor-widget-text-editor.elementor-drop-cap-view-stacked .elementor-drop-cap{background-color:#69727d;color:#fff}.elementor-widget-text-editor.elementor-drop-cap-view-framed .elementor-drop-cap{color:#69727d;border:3px solid;background-color:transparent}.elementor-widget-text-editor:not(.elementor-drop-cap-view-default) .elementor-drop-cap{margin-top:8px}.elementor-widget-text-editor:not(.elementor-drop-cap-view-default) .elementor-drop-cap-letter{width:1em;height:1em}.elementor-widget-text-editor .elementor-drop-cap{float:left;text-align:center;line-height:1;font-size:50px}.elementor-widget-text-editor .elementor-drop-cap-letter{display:inline-block}<\/style>\t\t\t\t<p>Le massage body body suscite souvent la curiosit\u00e9. Il est donc tout \u00e0 fait naturel de se demander si cette exp\u00e9rience unique et particuli\u00e8re convient \u00e0 tout le monde. <\/p>\n<h2>Que peut-on dire du massage body body ?<\/h2>\n<p>Le massage body-body est un type de massage tr\u00e8s particulier g\u00e9n\u00e9ralement pratiqu\u00e9 dans une pi\u00e8ce am\u00e9nag\u00e9e chaleureusement et \u00e0 l\u2019ambiance romantique. <\/p>\n<p>Comment se d\u00e9roule une s\u00e9ance ? Pendant une s\u00e9ance, vous \u00eates allong\u00e9(e) confortablement, et la masseuse utilise des mouvements lents et sensuels avec son propre corps pour vous masser et pour \u00e9veiller tous vos sens. Ainsi, pendant ce massage, les mains se touchent et les peaux glissent l&rsquo;une contre l&rsquo;autre. Cela cr\u00e9e une v\u00e9ritable sensation apaisante et relaxante pendant toute la s\u00e9ance.<\/p>\n<p>Par ailleurs, les bienfaits du massage corps \u00e0 corps sont tr\u00e8s nombreux. Il peut notamment aider \u00e0 relaxer les muscles tendus, \u00e0 r\u00e9duire le stress et \u00e0 am\u00e9liorer la circulation sanguine. De plus, il favorise la connexion entre les personnes. Vous pouvez donc, par exemple, le faire en couple pour renforcer votre lien intime et votre complicit\u00e9, tout en cassant votre routine quotidienne.<\/p>\n<p>Il est toutefois n\u00e9cessaire de noter que ce type de massage ne convient peut-\u00eatre pas \u00e0 tout le monde.<\/p>\n<h2>Est-ce que le massage body body convient \u00e0 tout le monde ?<\/h2>\n<p>Le massage body body peut \u00eatre une exp\u00e9rience incroyable pour de nombreuses personnes. Il est notamment particuli\u00e8rement appr\u00e9ci\u00e9 par les couples cherchant \u00e0 renforcer leur connexion \u00e9motionnelle et physique. <\/p>\n<p>Cependant, il est important de remarquer que le massage body body peut ne pas convenir \u00e0 tout le monde. En effet, certaines personnes peuvent se sentir mal \u00e0 l&rsquo;aise car ce massage implique un niveau d\u2019intimit\u00e9 particulier.<\/p>\n<p>Par ailleurs, les personnes avec des probl\u00e8mes de peau sensible doivent en discuter avec la masseuse au pr\u00e9alable. Les personnes qui sont allergiques aux huiles ou aux produits utilis\u00e9s pendant le massage doivent \u00e9galement en informer la masseuse.<\/p>\n<p>Enfin, il est recommand\u00e9 aux personnes ayant des ant\u00e9c\u00e9dents m\u00e9dicaux de consulter un professionnel de sant\u00e9 avant d&rsquo;opter pour un massage body body.<\/p>\n<h2>Quelles sont les contre-indications d\u2019un massage body body ?<\/h2>\n<p>Bien que le massage body body puisse offrir de nombreux avantages et bienfaits pour de nombreuses personnes, il existe des situations dans lesquelles il est pr\u00e9f\u00e9rable d&rsquo;\u00e9viter ce type de prestation.<\/p>\n<p>Voici quelques contre-indications :<\/p>\n<ul>\n<li>Les personnes souffrant de probl\u00e8mes de peau, comme l&rsquo;ecz\u00e9ma, les \u00e9ruptions cutan\u00e9es ou les infections, devraient \u00e9viter ce type de massage.<\/li>\n<li>Les individus atteints de probl\u00e8mes m\u00e9dicaux tels que des blessures r\u00e9centes, des troubles cardiaques ou des probl\u00e8mes circulatoires devraient consulter leur m\u00e9decin avant de r\u00e9aliser un massage body body.<\/li>\n<li>Il est recommand\u00e9 aux femmes enceintes d\u2019\u00e9viter le massage body body car il implique des pressions exerc\u00e9es sur le corps.<\/li>\n<\/ul>\n<p>Vous avez des questions ou besoin de compl\u00e9ments d\u2019informations concernant les contre-indications du massage body body \u00e0 Paris ? Contactez-nous ! Nous r\u00e9pondrons \u00e0 toutes vos questions dans les plus brefs d\u00e9lais.<\/p>\n<h2>Comment se pr\u00e9parer pour son premier massage body body ?<\/h2>\n<p>Vous ne savez pas comment vous pr\u00e9parer pour votre premier massage corps \u00e0 corps ? Pas de panique ! Chez PariSensuel Inside, nous vous offrons quelques conseils pour bien vous pr\u00e9parer :<\/p>\n<ul>\n<li>Choisissez une masseuse de confiance : sur PariSensuel Inside, vous pouvez recherchez des praticiennes exp\u00e9riment\u00e9es et bien \u00e9valu\u00e9es. <\/li>\n<li>Communiquez avec votre masseuse : Avant la s\u00e9ance, n\u2019h\u00e9sitez pas \u00e0 parler de vos pr\u00e9occupations, besoins et attentes \u00e0 la masseuse. Cela garantira que la s\u00e9ance soit adapt\u00e9e \u00e0 vos besoins et que tout se d\u00e9roule comme vous l&rsquo;imaginez.<\/li>\n<li>Respectez l\u2019hygi\u00e8ne : Assurez-vous, bien s\u00fbr, d&rsquo;\u00eatre propre avant le massage pour une exp\u00e9rience agr\u00e9able.<\/li>\n<p>Si vous avez besoin de plus de conseils pour vous pr\u00e9parer \u00e0 votre premier massage corps \u00e0 corps, vous pouvez nous \u00e9crire. Nous pourrons partager avec vous de pr\u00e9cieux conseils et vous mettre en contact avec des masseuses de confiance qui vous aideront \u00e0 vivre cette exp\u00e9rience sensuelle pleinement.<\/p>\n<h2>Faire un massage body body \u00e0 Paris&nbsp;<\/h2>\n<p>Le massage body-body est une exp\u00e9rience sensorielle incomparable. Que vous souhaitiez r\u00e9aliser ce massage en solo pour une d\u00e9tente totale ou en couple pour renforcer votre complicit\u00e9, le massage body-body vous r\u00e9serve de nombreuses surprises agr\u00e9ables.<\/p>\n<p>Vous \u00eates un professionnel du massage body-body \u00e0 Paris ? Vous souhaitez vous faire conna\u00eetre ? Chez PariSensuel Inside, nous vous offrons l&rsquo;opportunit\u00e9 de figurer sur notre guide en ligne : PariSensuel Inside.<\/p>\n<p>\u00c0 la recherche de masseurs ou masseuses experts en massage body-body \u00e0 Paris ? Pour les particuliers en qu\u00eate d&rsquo;activit\u00e9s romantiques et sensuelles, notre site internet recense toutes les exp\u00e9riences incontournables de la capitale.<\/p>\n<p>N&rsquo;h\u00e9sitez pas \u00e0 nous contacter pour en savoir davantage. <\/p>\n<\/ul>\t\t\t\t\t\t<\/div>\n\t\t\t\t<\/div>\n\t\t\t\t<\/div>\n\t\t\t\t\t<\/div>\n\t\t\t\t<\/div>\n\t\t\t\t\t\t\t<\/div>\n\t\t","protected":false},"excerpt":{"rendered":"<p>Le massage body body : pour qui ? Quels sont les avantages du massage body body ? Le massage body body : pour qui ? Comment choisir le meilleur salon pour un massage body body \u00e0 Paris ? Comment se passe un massage body body ? Quels sont les bienfaits du massage body body ? [&hellip;]<\/p>\n","protected":false},"author":1,"featured_media":0,"parent":7867,"menu_order":2,"comment_status":"closed","ping_status":"closed","template":"page-full-width.php","meta":{"footnotes":""},"class_list":["post-7877","page","type-page","status-publish","hentry"],"yoast_head":"<!-- This site is optimized with the Yoast SEO Premium plugin v21.7 (Yoast SEO v21.7) - https:\/\/yoast.com\/wordpress\/plugins\/seo\/ -->\n<title>Le massage body body : pour qui ?<\/title>\n<meta name=\"description\" content=\"Le massage body body suscite souvent la curiosit\u00e9. Il est donc tout \u00e0 fait naturel de se demander si cette exp\u00e9rience unique et particuli\u00e8re convient \u00e0 tout le monde.\" \/>\n<meta name=\"robots\" content=\"index, follow, max-snippet:-1, max-image-preview:large, max-video-preview:-1\" \/>\n<link rel=\"canonical\" href=\"https:\/\/www.szen.fr\/massage\/le-massage-body-body\/le-massage-body-body-pour-qui\/\" \/>\n<meta property=\"og:locale\" content=\"fr_FR\" \/>\n<meta property=\"og:type\" content=\"article\" \/>\n<meta property=\"og:title\" content=\"Le massage body body : pour qui ?\" \/>\n<meta property=\"og:description\" content=\"Le massage body body suscite souvent la curiosit\u00e9. Il est donc tout \u00e0 fait naturel de se demander si cette exp\u00e9rience unique et particuli\u00e8re convient \u00e0 tout le monde.\" \/>\n<meta property=\"og:url\" content=\"https:\/\/www.szen.fr\/massage\/le-massage-body-body\/le-massage-body-body-pour-qui\/\" \/>\n<meta property=\"og:site_name\" content=\"Wiki Massage by Szen\" \/>\n<meta property=\"article:modified_time\" content=\"2023-12-28T12:02:11+00:00\" \/>\n<meta property=\"og:image\" content=\"http:\/\/www.szen.fr\/massage\/wp-content\/uploads\/2023\/12\/massage-tantrique-paris-1024x512.jpg\" \/>\n<meta name=\"twitter:card\" content=\"summary_large_image\" \/>\n<meta name=\"twitter:label1\" content=\"Dur\u00e9e de lecture estim\u00e9e\" \/>\n\t<meta name=\"twitter:data1\" content=\"5 minutes\" \/>\n<script type=\"application\/ld+json\" class=\"yoast-schema-graph\">{\"@context\":\"https:\/\/schema.org\",\"@graph\":[{\"@type\":\"WebPage\",\"@id\":\"https:\/\/www.szen.fr\/massage\/le-massage-body-body\/le-massage-body-body-pour-qui\/\",\"url\":\"https:\/\/www.szen.fr\/massage\/le-massage-body-body\/le-massage-body-body-pour-qui\/\",\"name\":\"Le massage body body : pour qui ?\",\"isPartOf\":{\"@id\":\"https:\/\/www.szen.fr\/massage\/#website\"},\"datePublished\":\"2023-12-28T11:12:40+00:00\",\"dateModified\":\"2023-12-28T12:02:11+00:00\",\"description\":\"Le massage body body suscite souvent la curiosit\u00e9. Il est donc tout \u00e0 fait naturel de se demander si cette exp\u00e9rience unique et particuli\u00e8re convient \u00e0 tout le monde.\",\"breadcrumb\":{\"@id\":\"https:\/\/www.szen.fr\/massage\/le-massage-body-body\/le-massage-body-body-pour-qui\/#breadcrumb\"},\"inLanguage\":\"fr-FR\",\"potentialAction\":[{\"@type\":\"ReadAction\",\"target\":[\"https:\/\/www.szen.fr\/massage\/le-massage-body-body\/le-massage-body-body-pour-qui\/\"]}]},{\"@type\":\"BreadcrumbList\",\"@id\":\"https:\/\/www.szen.fr\/massage\/le-massage-body-body\/le-massage-body-body-pour-qui\/#breadcrumb\",\"itemListElement\":[{\"@type\":\"ListItem\",\"position\":1,\"name\":\"Accueil\",\"item\":\"https:\/\/www.szen.fr\/massage\/\"},{\"@type\":\"ListItem\",\"position\":2,\"name\":\"Le massage Body Body\",\"item\":\"https:\/\/www.szen.fr\/massage\/le-massage-body-body\/\"},{\"@type\":\"ListItem\",\"position\":3,\"name\":\"Le massage body body : pour qui ?\"}]},{\"@type\":\"WebSite\",\"@id\":\"https:\/\/www.szen.fr\/massage\/#website\",\"url\":\"https:\/\/www.szen.fr\/massage\/\",\"name\":\"Wiki Massage by Szen\",\"description\":\"\",\"publisher\":{\"@id\":\"https:\/\/www.szen.fr\/massage\/#organization\"},\"potentialAction\":[{\"@type\":\"SearchAction\",\"target\":{\"@type\":\"EntryPoint\",\"urlTemplate\":\"https:\/\/www.szen.fr\/massage\/?s={search_term_string}\"},\"query-input\":\"required name=search_term_string\"}],\"inLanguage\":\"fr-FR\"},{\"@type\":\"Organization\",\"@id\":\"https:\/\/www.szen.fr\/massage\/#organization\",\"name\":\"Wiki Massage by Szen\",\"url\":\"https:\/\/www.szen.fr\/massage\/\",\"logo\":{\"@type\":\"ImageObject\",\"inLanguage\":\"fr-FR\",\"@id\":\"https:\/\/www.szen.fr\/massage\/#\/schema\/logo\/image\/\",\"url\":\"https:\/\/www.szen.fr\/massage\/wp-content\/uploads\/2023\/12\/cropped-logo-wiki-massage.png\",\"contentUrl\":\"https:\/\/www.szen.fr\/massage\/wp-content\/uploads\/2023\/12\/cropped-logo-wiki-massage.png\",\"width\":200,\"height\":89,\"caption\":\"Wiki Massage by Szen\"},\"image\":{\"@id\":\"https:\/\/www.szen.fr\/massage\/#\/schema\/logo\/image\/\"}}]}<\/script>\n<!-- \/ Yoast SEO Premium plugin. -->","yoast_head_json":{"title":"Le massage body body : pour qui ?","description":"Le massage body body suscite souvent la curiosit\u00e9. Il est donc tout \u00e0 fait naturel de se demander si cette exp\u00e9rience unique et particuli\u00e8re convient \u00e0 tout le monde.","robots":{"index":"index","follow":"follow","max-snippet":"max-snippet:-1","max-image-preview":"max-image-preview:large","max-video-preview":"max-video-preview:-1"},"canonical":"https:\/\/www.szen.fr\/massage\/le-massage-body-body\/le-massage-body-body-pour-qui\/","og_locale":"fr_FR","og_type":"article","og_title":"Le massage body body : pour qui ?","og_description":"Le massage body body suscite souvent la curiosit\u00e9. Il est donc tout \u00e0 fait naturel de se demander si cette exp\u00e9rience unique et particuli\u00e8re convient \u00e0 tout le monde.","og_url":"https:\/\/www.szen.fr\/massage\/le-massage-body-body\/le-massage-body-body-pour-qui\/","og_site_name":"Wiki Massage by Szen","article_modified_time":"2023-12-28T12:02:11+00:00","og_image":[{"url":"http:\/\/www.szen.fr\/massage\/wp-content\/uploads\/2023\/12\/massage-tantrique-paris-1024x512.jpg"}],"twitter_card":"summary_large_image","twitter_misc":{"Dur\u00e9e de lecture estim\u00e9e":"5 minutes"},"schema":{"@context":"https:\/\/schema.org","@graph":[{"@type":"WebPage","@id":"https:\/\/www.szen.fr\/massage\/le-massage-body-body\/le-massage-body-body-pour-qui\/","url":"https:\/\/www.szen.fr\/massage\/le-massage-body-body\/le-massage-body-body-pour-qui\/","name":"Le massage body body : pour qui ?","isPartOf":{"@id":"https:\/\/www.szen.fr\/massage\/#website"},"datePublished":"2023-12-28T11:12:40+00:00","dateModified":"2023-12-28T12:02:11+00:00","description":"Le massage body body suscite souvent la curiosit\u00e9. Il est donc tout \u00e0 fait naturel de se demander si cette exp\u00e9rience unique et particuli\u00e8re convient \u00e0 tout le monde.","breadcrumb":{"@id":"https:\/\/www.szen.fr\/massage\/le-massage-body-body\/le-massage-body-body-pour-qui\/#breadcrumb"},"inLanguage":"fr-FR","potentialAction":[{"@type":"ReadAction","target":["https:\/\/www.szen.fr\/massage\/le-massage-body-body\/le-massage-body-body-pour-qui\/"]}]},{"@type":"BreadcrumbList","@id":"https:\/\/www.szen.fr\/massage\/le-massage-body-body\/le-massage-body-body-pour-qui\/#breadcrumb","itemListElement":[{"@type":"ListItem","position":1,"name":"Accueil","item":"https:\/\/www.szen.fr\/massage\/"},{"@type":"ListItem","position":2,"name":"Le massage Body Body","item":"https:\/\/www.szen.fr\/massage\/le-massage-body-body\/"},{"@type":"ListItem","position":3,"name":"Le massage body body : pour qui ?"}]},{"@type":"WebSite","@id":"https:\/\/www.szen.fr\/massage\/#website","url":"https:\/\/www.szen.fr\/massage\/","name":"Wiki Massage by Szen","description":"","publisher":{"@id":"https:\/\/www.szen.fr\/massage\/#organization"},"potentialAction":[{"@type":"SearchAction","target":{"@type":"EntryPoint","urlTemplate":"https:\/\/www.szen.fr\/massage\/?s={search_term_string}"},"query-input":"required name=search_term_string"}],"inLanguage":"fr-FR"},{"@type":"Organization","@id":"https:\/\/www.szen.fr\/massage\/#organization","name":"Wiki Massage by Szen","url":"https:\/\/www.szen.fr\/massage\/","logo":{"@type":"ImageObject","inLanguage":"fr-FR","@id":"https:\/\/www.szen.fr\/massage\/#\/schema\/logo\/image\/","url":"https:\/\/www.szen.fr\/massage\/wp-content\/uploads\/2023\/12\/cropped-logo-wiki-massage.png","contentUrl":"https:\/\/www.szen.fr\/massage\/wp-content\/uploads\/2023\/12\/cropped-logo-wiki-massage.png","width":200,"height":89,"caption":"Wiki Massage by Szen"},"image":{"@id":"https:\/\/www.szen.fr\/massage\/#\/schema\/logo\/image\/"}}]}},"_links":{"self":[{"href":"https:\/\/www.szen.fr\/massage\/wp-json\/wp\/v2\/pages\/7877","targetHints":{"allow":["GET"]}}],"collection":[{"href":"https:\/\/www.szen.fr\/massage\/wp-json\/wp\/v2\/pages"}],"about":[{"href":"https:\/\/www.szen.fr\/massage\/wp-json\/wp\/v2\/types\/page"}],"author":[{"embeddable":true,"href":"https:\/\/www.szen.fr\/massage\/wp-json\/wp\/v2\/users\/1"}],"replies":[{"embeddable":true,"href":"https:\/\/www.szen.fr\/massage\/wp-json\/wp\/v2\/comments?post=7877"}],"version-history":[{"count":7,"href":"https:\/\/www.szen.fr\/massage\/wp-json\/wp\/v2\/pages\/7877\/revisions"}],"predecessor-version":[{"id":7946,"href":"https:\/\/www.szen.fr\/massage\/wp-json\/wp\/v2\/pages\/7877\/revisions\/7946"}],"up":[{"embeddable":true,"href":"https:\/\/www.szen.fr\/massage\/wp-json\/wp\/v2\/pages\/7867"}],"wp:attachment":[{"href":"https:\/\/www.szen.fr\/massage\/wp-json\/wp\/v2\/media?parent=7877"}],"curies":[{"name":"wp","href":"https:\/\/api.w.org\/{rel}","templated":true}]}}