{"id":7875,"date":"2023-12-28T12:12:49","date_gmt":"2023-12-28T11:12:49","guid":{"rendered":"https:\/\/www.szen.fr\/massage\/?page_id=7875"},"modified":"2023-12-28T12:54:17","modified_gmt":"2023-12-28T11:54:17","slug":"quels-sont-les-avantages-du-massage-body-body","status":"publish","type":"page","link":"https:\/\/www.szen.fr\/massage\/le-massage-body-body\/quels-sont-les-avantages-du-massage-body-body\/","title":{"rendered":"Quels sont les avantages du massage body body ?"},"content":{"rendered":"\t\t<div data-elementor-type=\"wp-page\" data-elementor-id=\"7875\" class=\"elementor elementor-7875\" data-elementor-post-type=\"page\">\n\t\t\t\t\t\t\t<div class=\"elementor-element elementor-element-360632b e-flex e-con-boxed e-con e-parent\" data-id=\"360632b\" data-element_type=\"container\" data-settings=\"{&quot;content_width&quot;:&quot;boxed&quot;}\" data-core-v316-plus=\"true\">\n\t\t\t\t\t<div class=\"e-con-inner\">\n\t\t<div class=\"elementor-element elementor-element-ea0cf13 e-con-full e-flex e-con e-child\" data-id=\"ea0cf13\" data-element_type=\"container\" data-settings=\"{&quot;content_width&quot;:&quot;full&quot;}\">\n\t\t\t\t<div class=\"elementor-element elementor-element-a246298 elementor-widget elementor-widget-breadcrumbs\" data-id=\"a246298\" data-element_type=\"widget\" data-widget_type=\"breadcrumbs.default\">\n\t\t\t\t<div class=\"elementor-widget-container\">\n\t\t\t<link rel=\"stylesheet\" href=\"https:\/\/www.szen.fr\/massage\/wp-content\/plugins\/elementor-pro\/assets\/css\/widget-theme-elements.min.css\"><p id=\"breadcrumbs\"><span><span><a href=\"https:\/\/www.szen.fr\/massage\/\">Accueil<\/a><\/span><\/span><\/p>\t\t<\/div>\n\t\t\t\t<\/div>\n\t\t\t\t<div class=\"elementor-element elementor-element-a5cc0cf elementor-widget elementor-widget-image\" data-id=\"a5cc0cf\" data-element_type=\"widget\" alt=\"le massage tantrique\" data-widget_type=\"image.default\">\n\t\t\t\t<div class=\"elementor-widget-container\">\n\t\t\t<style>\/*! elementor - v3.18.0 - 08-12-2023 *\/\n.elementor-widget-image{text-align:center}.elementor-widget-image a{display:inline-block}.elementor-widget-image a img[src$=\".svg\"]{width:48px}.elementor-widget-image img{vertical-align:middle;display:inline-block}<\/style>\t\t\t\t\t\t\t\t\t\t\t\t<img fetchpriority=\"high\" decoding=\"async\" width=\"1024\" height=\"512\" src=\"https:\/\/www.szen.fr\/massage\/wp-content\/uploads\/2023\/12\/massage-tantrique-paris-1024x512.jpg\" class=\"attachment-large size-large wp-image-7708\" alt=\"massage tantrique\" srcset=\"https:\/\/www.szen.fr\/massage\/wp-content\/uploads\/2023\/12\/massage-tantrique-paris-1024x512.jpg 1024w, https:\/\/www.szen.fr\/massage\/wp-content\/uploads\/2023\/12\/massage-tantrique-paris-300x150.jpg 300w, https:\/\/www.szen.fr\/massage\/wp-content\/uploads\/2023\/12\/massage-tantrique-paris-768x384.jpg 768w, https:\/\/www.szen.fr\/massage\/wp-content\/uploads\/2023\/12\/massage-tantrique-paris-1536x768.jpg 1536w, https:\/\/www.szen.fr\/massage\/wp-content\/uploads\/2023\/12\/massage-tantrique-paris-1300x650.jpg 1300w, https:\/\/www.szen.fr\/massage\/wp-content\/uploads\/2023\/12\/massage-tantrique-paris.jpg 2000w\" sizes=\"(max-width: 1024px) 100vw, 1024px\" \/>\t\t\t\t\t\t\t\t\t\t\t\t\t\t\t<\/div>\n\t\t\t\t<\/div>\n\t\t\t\t<\/div>\n\t\t\t\t\t<\/div>\n\t\t\t\t<\/div>\n\t\t<div class=\"elementor-element elementor-element-38ac74f e-flex e-con-boxed e-con e-parent\" data-id=\"38ac74f\" data-element_type=\"container\" data-settings=\"{&quot;content_width&quot;:&quot;boxed&quot;}\" data-core-v316-plus=\"true\">\n\t\t\t\t\t<div class=\"e-con-inner\">\n\t\t<div class=\"elementor-element elementor-element-d5e1cba e-con-full e-flex e-con e-child\" data-id=\"d5e1cba\" data-element_type=\"container\" data-settings=\"{&quot;content_width&quot;:&quot;full&quot;}\">\n\t\t\t\t<div class=\"elementor-element elementor-element-5b85f3e elementor-widget elementor-widget-heading\" data-id=\"5b85f3e\" data-element_type=\"widget\" data-widget_type=\"heading.default\">\n\t\t\t\t<div class=\"elementor-widget-container\">\n\t\t\t<style>\/*! elementor - v3.18.0 - 08-12-2023 *\/\n.elementor-heading-title{padding:0;margin:0;line-height:1}.elementor-widget-heading .elementor-heading-title[class*=elementor-size-]>a{color:inherit;font-size:inherit;line-height:inherit}.elementor-widget-heading .elementor-heading-title.elementor-size-small{font-size:15px}.elementor-widget-heading .elementor-heading-title.elementor-size-medium{font-size:19px}.elementor-widget-heading .elementor-heading-title.elementor-size-large{font-size:29px}.elementor-widget-heading .elementor-heading-title.elementor-size-xl{font-size:39px}.elementor-widget-heading .elementor-heading-title.elementor-size-xxl{font-size:59px}<\/style><h1 class=\"elementor-heading-title elementor-size-default\">Quels sont les avantages du massage body body ?<\/h1>\t\t<\/div>\n\t\t\t\t<\/div>\n\t\t\t\t<div class=\"elementor-element elementor-element-973f36f elementor-icon-list--layout-traditional elementor-list-item-link-full_width elementor-widget elementor-widget-icon-list\" data-id=\"973f36f\" data-element_type=\"widget\" data-widget_type=\"icon-list.default\">\n\t\t\t\t<div class=\"elementor-widget-container\">\n\t\t\t<link rel=\"stylesheet\" href=\"https:\/\/www.szen.fr\/massage\/wp-content\/plugins\/elementor\/assets\/css\/widget-icon-list.min.css\">\t\t<ul class=\"elementor-icon-list-items\">\n\t\t\t\t\t\t\t<li class=\"elementor-icon-list-item\">\n\t\t\t\t\t\t\t\t\t\t\t<a href=\"https:\/\/www.szen.fr\/massage\/le-massage-body-body\/quels-sont-les-avantages-du-massage-body-body\/\">\n\n\t\t\t\t\t\t\t\t\t\t\t<span class=\"elementor-icon-list-text\">Quels sont les avantages du massage body body ?<\/span>\n\t\t\t\t\t\t\t\t\t\t\t<\/a>\n\t\t\t\t\t\t\t\t\t<\/li>\n\t\t\t\t\t\t\t\t<li class=\"elementor-icon-list-item\">\n\t\t\t\t\t\t\t\t\t\t\t<a href=\"https:\/\/www.szen.fr\/massage\/le-massage-body-body\/le-massage-body-body-pour-qui\/\">\n\n\t\t\t\t\t\t\t\t\t\t\t<span class=\"elementor-icon-list-text\">Le massage body body : pour qui ?<\/span>\n\t\t\t\t\t\t\t\t\t\t\t<\/a>\n\t\t\t\t\t\t\t\t\t<\/li>\n\t\t\t\t\t\t\t\t<li class=\"elementor-icon-list-item\">\n\t\t\t\t\t\t\t\t\t\t\t<a href=\"https:\/\/www.szen.fr\/massage\/le-massage-body-body\/comment-choisir-le-meilleur-salon-pour-un-massage-body-body-a-paris\/\">\n\n\t\t\t\t\t\t\t\t\t\t\t<span class=\"elementor-icon-list-text\">Comment choisir le meilleur salon pour un massage body body \u00e0 Paris ?<\/span>\n\t\t\t\t\t\t\t\t\t\t\t<\/a>\n\t\t\t\t\t\t\t\t\t<\/li>\n\t\t\t\t\t\t\t\t<li class=\"elementor-icon-list-item\">\n\t\t\t\t\t\t\t\t\t\t\t<a href=\"https:\/\/www.szen.fr\/massage\/le-massage-body-body\/comment-se-passe-un-massage-body-body\/\">\n\n\t\t\t\t\t\t\t\t\t\t\t<span class=\"elementor-icon-list-text\">Comment se passe un massage body body ?<\/span>\n\t\t\t\t\t\t\t\t\t\t\t<\/a>\n\t\t\t\t\t\t\t\t\t<\/li>\n\t\t\t\t\t\t\t\t<li class=\"elementor-icon-list-item\">\n\t\t\t\t\t\t\t\t\t\t\t<a href=\"https:\/\/www.szen.fr\/massage\/le-massage-body-body\/quels-sont-les-bienfaits-du-massage-body-body\/\">\n\n\t\t\t\t\t\t\t\t\t\t\t<span class=\"elementor-icon-list-text\">Quels sont les bienfaits du massage body body ?<\/span>\n\t\t\t\t\t\t\t\t\t\t\t<\/a>\n\t\t\t\t\t\t\t\t\t<\/li>\n\t\t\t\t\t\t<\/ul>\n\t\t\t\t<\/div>\n\t\t\t\t<\/div>\n\t\t\t\t<\/div>\n\t\t<div class=\"elementor-element elementor-element-f292363 e-con-full e-flex e-con e-child\" data-id=\"f292363\" data-element_type=\"container\" data-settings=\"{&quot;content_width&quot;:&quot;full&quot;}\">\n\t\t\t\t<div class=\"elementor-element elementor-element-962a94a elementor-widget elementor-widget-text-editor\" data-id=\"962a94a\" data-element_type=\"widget\" data-widget_type=\"text-editor.default\">\n\t\t\t\t<div class=\"elementor-widget-container\">\n\t\t\t<style>\/*! elementor - v3.18.0 - 08-12-2023 *\/\n.elementor-widget-text-editor.elementor-drop-cap-view-stacked .elementor-drop-cap{background-color:#69727d;color:#fff}.elementor-widget-text-editor.elementor-drop-cap-view-framed .elementor-drop-cap{color:#69727d;border:3px solid;background-color:transparent}.elementor-widget-text-editor:not(.elementor-drop-cap-view-default) .elementor-drop-cap{margin-top:8px}.elementor-widget-text-editor:not(.elementor-drop-cap-view-default) .elementor-drop-cap-letter{width:1em;height:1em}.elementor-widget-text-editor .elementor-drop-cap{float:left;text-align:center;line-height:1;font-size:50px}.elementor-widget-text-editor .elementor-drop-cap-letter{display:inline-block}<\/style>\t\t\t\tDans le domaine des exp\u00e9riences sensorielles et relaxantes, le massage bodybody est une pratique qui va bien au-del\u00e0 des simples sensations de d\u00e9tente. Ce type de massage offre, en effet, un voyage sensoriel unique qui suscite \u00e0 la fois la relaxation profonde et une connexion plus intense avec son propre corps et avec autrui. Ci-dessous, nous allons d\u00e9couvrir et comprendre ensemble le massage body body, ses avantages et comment il se distingue des autres formes de massages traditionnels.\n<h2>Qu&rsquo;est-ce qu&rsquo;un massage body body ?<\/h2>\nLe massage body body, \u00e9galement appel\u00e9 massage corps \u00e0 corps, est une pratique qui implique un contact physique direct entre le masseur ou la masseuse et le destinataire du massage. Contrairement aux massages traditionnels o\u00f9 les mains du masseur sont les principales sources de contact, le massage body body utilise le contact de tout le corps pour cr\u00e9er une exp\u00e9rience sensorielle plus immersive. Les seins, le ventre, les bras, les pieds\u2026 Tout le corps est mis en contact avec la personne mass\u00e9e.\n<h2>Comment se d\u00e9roule un massage body-body \u00e0 Paris ?<\/h2>\nAu cours d&rsquo;une s\u00e9ance de massage body body, le ou la praticienne utilise g\u00e9n\u00e9ralement des mouvements fluides pour glisser doucement son corps sur celui du destinataire. Cette approche tr\u00e8s sp\u00e9cifique cr\u00e9e une sensation d&rsquo;enveloppement et de fusion, favorisant une d\u00e9tente profonde et une harmonie entre les corps.\n<h2>Quels sont les avantages du massage body body ?<\/h2>\nLe massage body body offre de nombreux avantages :\n<ul>\n \t<li>Le massage body-body offre un \u00e9tat de relaxation profonde puisqu\u2019il aide \u00e0 lib\u00e9rer les tensions musculaires et \u00e0 r\u00e9duire le stress.<\/li>\n \t<li>Les mouvements fluides et le contact entre les corps stimulent les sens et favorisent une connexion profonde.<\/li>\n \t<li>Les mouvements r\u00e9alis\u00e9s durant ce type de massage encouragent la circulation sanguine, contribuant ainsi \u00e0 une meilleure oxyg\u00e9nation des tissus.<\/li>\n \t<li>Le massage body body permettrait de r\u00e9duire l&rsquo;anxi\u00e9t\u00e9 et de favoriser une sensation de s\u00e9curit\u00e9.<\/li>\n \t<li>Ce massage peut renforcer l&rsquo;intimit\u00e9 et la connexion \u00e9motionnelle entre les partenaires s\u2019il est r\u00e9alis\u00e9 en duo.<\/li>\n<\/ul>\n<h2>Quelles sont les diff\u00e9rences entre un massage body body et d&rsquo;autres types de massages ?<\/h2>\nVous aimeriez conna\u00eetre la diff\u00e9rence entre un massage body body et un massage traditionnel ? Compar\u00e9 aux massages traditionnels, le massage body body se d\u00e9marque par son approche plus physique et immersive. Contrairement aux techniques classiques qui se concentrent principalement sur des zones sp\u00e9cifiques du corps, le massage body body prend en compte le corps entier.\n\nLes mouvements du massage body body sont souvent plus fluides et rythmiques. Le ou la masseuse utilise son poids et sa chaleur corporelle pour apporter une sensation d&rsquo;enveloppement profond.\n\nCette approche cr\u00e9e une ambiance plus sensuelle et intime, id\u00e9ale pour les couples d\u00e9sirant approfondir leur connexion \u00e9motionnelle et physique.\n\nIl est important de pr\u00e9ciser que ce massage, bien qu\u2019\u00e9rotique, ne se termine jamais en acte sexuel s\u2019il est pratique dans un salon de massage professionnel.\n<h2>Le massage body body peut-il aider les couples ?<\/h2>\nLe massage body-body offre bien plus qu&rsquo;une simple exp\u00e9rience sensorielle. Il peut \u00e9galement jouer un r\u00f4le essentiel pour rapprocher les couples et renforcer leurs liens.\n\nLorsqu&rsquo;un couple r\u00e9alise un massage body-body, ils s&rsquo;offrent la possibilit\u00e9 de conna\u00eetre intimement les sensations de leur propre corps, ainsi que celles de leur partenaire. Cela peut mener \u00e0 une meilleure communication \u00e9motionnelle et physique, renfor\u00e7ant ainsi la complicit\u00e9 au sein du couple.\n\nDe plus, le contact physique permet la lib\u00e9ration d&rsquo;endorphines et de dopamine, autrement dit les hormones du plaisir.\n\nCette lib\u00e9ration d&rsquo;hormones peut aider \u00e0 :\n<ul>\n \t<li>\u00c9tablir une connexion \u00e9motionnelle plus profonde,<\/li>\n \t<li>R\u00e9duire le stress,<\/li>\n \t<li>Am\u00e9liorer l&rsquo;humeur,<\/li>\n \t<li>Cr\u00e9er un environnement rassurant et intime.<\/li>\n<\/ul>\nLe massage body-body peut \u00e9galement contribuer \u00e0 raviver la passion et \u00e0 stimuler la libido chez les couples.\n\nAinsi, ce massage pratiqu\u00e9 par des professionnel(les) favorise la d\u00e9couverte mutuelle, la complicit\u00e9, et peut aider \u00e0 raviver le d\u00e9sir tout en sortant d\u2019une certaine routine.\n\nLe massage body body \u00e0 Paris est donc une activit\u00e9 qui offre de nombreux bienfaits pour les relations amoureuses et les couples !\n<h2>PariSensuel Inside vous recommande des salons sp\u00e9cialis\u00e9s dans le massage body body !<\/h2>\nLe massage body body offre une exp\u00e9rience sensorielle in\u00e9gal\u00e9e qui allie relaxation profonde, stimulation des sens et connexion intime. Que vous souhaitiez d\u00e9couvrir cette pratique en solo pour vous d\u00e9tendre, ou en couple pour renforcer votre lien, le massage body body vous promet une exp\u00e9rience m\u00e9morable.\n\nVous \u00eates un masseur ou une masseuse experte en body body \u00e0 Paris ? Pour les entreprises souhaitant proposer cette exp\u00e9rience unique, nous vous offrons la possibilit\u00e9 d&rsquo;\u00eatre r\u00e9f\u00e9renc\u00e9es sur notre plateforme : PariSensuel Inside, le guide du Paris sexy et coquin !\n\nVous \u00eates \u00e0 la recherche de masseurs ou masseuses sp\u00e9cialis\u00e9s en massage body body \u00e0 Paris ? Pour les particuliers \u00e0 la recherche d&rsquo;activit\u00e9s romantiques et sensuelles sur Paris, notre site internet r\u00e9f\u00e9rence toutes les activit\u00e9s incontournables \u00e0 faire dans la ville de l\u2019Amour.\n\nN&rsquo;h\u00e9sitez pas \u00e0 <a href=\"https:\/\/www.parisensuel.com\/annonceurs\/\" target=\"_blank\" rel=\"nofollow\">nous contacter<\/a> si vous souhaitez r\u00e9f\u00e9rencer le votre.\t\t\t\t\t\t<\/div>\n\t\t\t\t<\/div>\n\t\t\t\t<\/div>\n\t\t\t\t\t<\/div>\n\t\t\t\t<\/div>\n\t\t\t\t\t\t\t<\/div>\n\t\t","protected":false},"excerpt":{"rendered":"<p>Quels sont les avantages du massage body body ? Quels sont les avantages du massage body body ? Le massage body body : pour qui ? Comment choisir le meilleur salon pour un massage body body \u00e0 Paris ? Comment se passe un massage body body ? Quels sont les bienfaits du massage body body [&hellip;]<\/p>\n","protected":false},"author":1,"featured_media":0,"parent":7867,"menu_order":2,"comment_status":"closed","ping_status":"closed","template":"page-full-width.php","meta":{"footnotes":""},"class_list":["post-7875","page","type-page","status-publish","hentry"],"yoast_head":"<!-- This site is optimized with the Yoast SEO Premium plugin v21.7 (Yoast SEO v21.7) - https:\/\/yoast.com\/wordpress\/plugins\/seo\/ -->\n<title>Quels sont les avantages du massage body body<\/title>\n<meta name=\"description\" content=\"Dans le domaine des exp\u00e9riences sensorielles et relaxantes, le massage body body est une pratique qui va bien au-del\u00e0 des simples sensations de d\u00e9tente\" \/>\n<meta name=\"robots\" content=\"index, follow, max-snippet:-1, max-image-preview:large, max-video-preview:-1\" \/>\n<link rel=\"canonical\" href=\"https:\/\/www.szen.fr\/massage\/le-massage-body-body\/quels-sont-les-avantages-du-massage-body-body\/\" \/>\n<meta property=\"og:locale\" content=\"fr_FR\" \/>\n<meta property=\"og:type\" content=\"article\" \/>\n<meta property=\"og:title\" content=\"Quels sont les avantages du massage body body ?\" \/>\n<meta property=\"og:description\" content=\"Dans le domaine des exp\u00e9riences sensorielles et relaxantes, le massage body body est une pratique qui va bien au-del\u00e0 des simples sensations de d\u00e9tente\" \/>\n<meta property=\"og:url\" content=\"https:\/\/www.szen.fr\/massage\/le-massage-body-body\/quels-sont-les-avantages-du-massage-body-body\/\" \/>\n<meta property=\"og:site_name\" content=\"Wiki Massage by Szen\" \/>\n<meta property=\"article:modified_time\" content=\"2023-12-28T11:54:17+00:00\" \/>\n<meta property=\"og:image\" content=\"http:\/\/www.szen.fr\/massage\/wp-content\/uploads\/2023\/12\/massage-tantrique-paris-1024x512.jpg\" \/>\n<meta name=\"twitter:card\" content=\"summary_large_image\" \/>\n<meta name=\"twitter:label1\" content=\"Dur\u00e9e de lecture estim\u00e9e\" \/>\n\t<meta name=\"twitter:data1\" content=\"5 minutes\" \/>\n<script type=\"application\/ld+json\" class=\"yoast-schema-graph\">{\"@context\":\"https:\/\/schema.org\",\"@graph\":[{\"@type\":\"WebPage\",\"@id\":\"https:\/\/www.szen.fr\/massage\/le-massage-body-body\/quels-sont-les-avantages-du-massage-body-body\/\",\"url\":\"https:\/\/www.szen.fr\/massage\/le-massage-body-body\/quels-sont-les-avantages-du-massage-body-body\/\",\"name\":\"Quels sont les avantages du massage body body\",\"isPartOf\":{\"@id\":\"https:\/\/www.szen.fr\/massage\/#website\"},\"datePublished\":\"2023-12-28T11:12:49+00:00\",\"dateModified\":\"2023-12-28T11:54:17+00:00\",\"description\":\"Dans le domaine des exp\u00e9riences sensorielles et relaxantes, le massage body body est une pratique qui va bien au-del\u00e0 des simples sensations de d\u00e9tente\",\"breadcrumb\":{\"@id\":\"https:\/\/www.szen.fr\/massage\/le-massage-body-body\/quels-sont-les-avantages-du-massage-body-body\/#breadcrumb\"},\"inLanguage\":\"fr-FR\",\"potentialAction\":[{\"@type\":\"ReadAction\",\"target\":[\"https:\/\/www.szen.fr\/massage\/le-massage-body-body\/quels-sont-les-avantages-du-massage-body-body\/\"]}]},{\"@type\":\"BreadcrumbList\",\"@id\":\"https:\/\/www.szen.fr\/massage\/le-massage-body-body\/quels-sont-les-avantages-du-massage-body-body\/#breadcrumb\",\"itemListElement\":[{\"@type\":\"ListItem\",\"position\":1,\"name\":\"Accueil\",\"item\":\"https:\/\/www.szen.fr\/massage\/\"},{\"@type\":\"ListItem\",\"position\":2,\"name\":\"Le massage Body Body\",\"item\":\"https:\/\/www.szen.fr\/massage\/le-massage-body-body\/\"},{\"@type\":\"ListItem\",\"position\":3,\"name\":\"Quels sont les avantages du massage body body ?\"}]},{\"@type\":\"WebSite\",\"@id\":\"https:\/\/www.szen.fr\/massage\/#website\",\"url\":\"https:\/\/www.szen.fr\/massage\/\",\"name\":\"Wiki Massage by Szen\",\"description\":\"\",\"publisher\":{\"@id\":\"https:\/\/www.szen.fr\/massage\/#organization\"},\"potentialAction\":[{\"@type\":\"SearchAction\",\"target\":{\"@type\":\"EntryPoint\",\"urlTemplate\":\"https:\/\/www.szen.fr\/massage\/?s={search_term_string}\"},\"query-input\":\"required name=search_term_string\"}],\"inLanguage\":\"fr-FR\"},{\"@type\":\"Organization\",\"@id\":\"https:\/\/www.szen.fr\/massage\/#organization\",\"name\":\"Wiki Massage by Szen\",\"url\":\"https:\/\/www.szen.fr\/massage\/\",\"logo\":{\"@type\":\"ImageObject\",\"inLanguage\":\"fr-FR\",\"@id\":\"https:\/\/www.szen.fr\/massage\/#\/schema\/logo\/image\/\",\"url\":\"https:\/\/www.szen.fr\/massage\/wp-content\/uploads\/2023\/12\/cropped-logo-wiki-massage.png\",\"contentUrl\":\"https:\/\/www.szen.fr\/massage\/wp-content\/uploads\/2023\/12\/cropped-logo-wiki-massage.png\",\"width\":200,\"height\":89,\"caption\":\"Wiki Massage by Szen\"},\"image\":{\"@id\":\"https:\/\/www.szen.fr\/massage\/#\/schema\/logo\/image\/\"}}]}<\/script>\n<!-- \/ Yoast SEO Premium plugin. -->","yoast_head_json":{"title":"Quels sont les avantages du massage body body","description":"Dans le domaine des exp\u00e9riences sensorielles et relaxantes, le massage body body est une pratique qui va bien au-del\u00e0 des simples sensations de d\u00e9tente","robots":{"index":"index","follow":"follow","max-snippet":"max-snippet:-1","max-image-preview":"max-image-preview:large","max-video-preview":"max-video-preview:-1"},"canonical":"https:\/\/www.szen.fr\/massage\/le-massage-body-body\/quels-sont-les-avantages-du-massage-body-body\/","og_locale":"fr_FR","og_type":"article","og_title":"Quels sont les avantages du massage body body ?","og_description":"Dans le domaine des exp\u00e9riences sensorielles et relaxantes, le massage body body est une pratique qui va bien au-del\u00e0 des simples sensations de d\u00e9tente","og_url":"https:\/\/www.szen.fr\/massage\/le-massage-body-body\/quels-sont-les-avantages-du-massage-body-body\/","og_site_name":"Wiki Massage by Szen","article_modified_time":"2023-12-28T11:54:17+00:00","og_image":[{"url":"http:\/\/www.szen.fr\/massage\/wp-content\/uploads\/2023\/12\/massage-tantrique-paris-1024x512.jpg"}],"twitter_card":"summary_large_image","twitter_misc":{"Dur\u00e9e de lecture estim\u00e9e":"5 minutes"},"schema":{"@context":"https:\/\/schema.org","@graph":[{"@type":"WebPage","@id":"https:\/\/www.szen.fr\/massage\/le-massage-body-body\/quels-sont-les-avantages-du-massage-body-body\/","url":"https:\/\/www.szen.fr\/massage\/le-massage-body-body\/quels-sont-les-avantages-du-massage-body-body\/","name":"Quels sont les avantages du massage body body","isPartOf":{"@id":"https:\/\/www.szen.fr\/massage\/#website"},"datePublished":"2023-12-28T11:12:49+00:00","dateModified":"2023-12-28T11:54:17+00:00","description":"Dans le domaine des exp\u00e9riences sensorielles et relaxantes, le massage body body est une pratique qui va bien au-del\u00e0 des simples sensations de d\u00e9tente","breadcrumb":{"@id":"https:\/\/www.szen.fr\/massage\/le-massage-body-body\/quels-sont-les-avantages-du-massage-body-body\/#breadcrumb"},"inLanguage":"fr-FR","potentialAction":[{"@type":"ReadAction","target":["https:\/\/www.szen.fr\/massage\/le-massage-body-body\/quels-sont-les-avantages-du-massage-body-body\/"]}]},{"@type":"BreadcrumbList","@id":"https:\/\/www.szen.fr\/massage\/le-massage-body-body\/quels-sont-les-avantages-du-massage-body-body\/#breadcrumb","itemListElement":[{"@type":"ListItem","position":1,"name":"Accueil","item":"https:\/\/www.szen.fr\/massage\/"},{"@type":"ListItem","position":2,"name":"Le massage Body Body","item":"https:\/\/www.szen.fr\/massage\/le-massage-body-body\/"},{"@type":"ListItem","position":3,"name":"Quels sont les avantages du massage body body ?"}]},{"@type":"WebSite","@id":"https:\/\/www.szen.fr\/massage\/#website","url":"https:\/\/www.szen.fr\/massage\/","name":"Wiki Massage by Szen","description":"","publisher":{"@id":"https:\/\/www.szen.fr\/massage\/#organization"},"potentialAction":[{"@type":"SearchAction","target":{"@type":"EntryPoint","urlTemplate":"https:\/\/www.szen.fr\/massage\/?s={search_term_string}"},"query-input":"required name=search_term_string"}],"inLanguage":"fr-FR"},{"@type":"Organization","@id":"https:\/\/www.szen.fr\/massage\/#organization","name":"Wiki Massage by Szen","url":"https:\/\/www.szen.fr\/massage\/","logo":{"@type":"ImageObject","inLanguage":"fr-FR","@id":"https:\/\/www.szen.fr\/massage\/#\/schema\/logo\/image\/","url":"https:\/\/www.szen.fr\/massage\/wp-content\/uploads\/2023\/12\/cropped-logo-wiki-massage.png","contentUrl":"https:\/\/www.szen.fr\/massage\/wp-content\/uploads\/2023\/12\/cropped-logo-wiki-massage.png","width":200,"height":89,"caption":"Wiki Massage by Szen"},"image":{"@id":"https:\/\/www.szen.fr\/massage\/#\/schema\/logo\/image\/"}}]}},"_links":{"self":[{"href":"https:\/\/www.szen.fr\/massage\/wp-json\/wp\/v2\/pages\/7875","targetHints":{"allow":["GET"]}}],"collection":[{"href":"https:\/\/www.szen.fr\/massage\/wp-json\/wp\/v2\/pages"}],"about":[{"href":"https:\/\/www.szen.fr\/massage\/wp-json\/wp\/v2\/types\/page"}],"author":[{"embeddable":true,"href":"https:\/\/www.szen.fr\/massage\/wp-json\/wp\/v2\/users\/1"}],"replies":[{"embeddable":true,"href":"https:\/\/www.szen.fr\/massage\/wp-json\/wp\/v2\/comments?post=7875"}],"version-history":[{"count":10,"href":"https:\/\/www.szen.fr\/massage\/wp-json\/wp\/v2\/pages\/7875\/revisions"}],"predecessor-version":[{"id":7926,"href":"https:\/\/www.szen.fr\/massage\/wp-json\/wp\/v2\/pages\/7875\/revisions\/7926"}],"up":[{"embeddable":true,"href":"https:\/\/www.szen.fr\/massage\/wp-json\/wp\/v2\/pages\/7867"}],"wp:attachment":[{"href":"https:\/\/www.szen.fr\/massage\/wp-json\/wp\/v2\/media?parent=7875"}],"curies":[{"name":"wp","href":"https:\/\/api.w.org\/{rel}","templated":true}]}}