{"id":7602,"date":"2023-12-13T17:21:21","date_gmt":"2023-12-13T16:21:21","guid":{"rendered":"https:\/\/www.szen.fr\/massage\/?page_id=7602"},"modified":"2024-03-18T11:35:43","modified_gmt":"2024-03-18T10:35:43","slug":"les-sectes-tantriques","status":"publish","type":"page","link":"https:\/\/www.szen.fr\/massage\/le-massage-tantrique\/les-sectes-tantriques\/","title":{"rendered":"Les sectes Tantriques"},"content":{"rendered":"\t\t<div data-elementor-type=\"wp-page\" data-elementor-id=\"7602\" class=\"elementor elementor-7602\" data-elementor-post-type=\"page\">\n\t\t\t\t\t\t\t<div class=\"elementor-element elementor-element-360632b e-flex e-con-boxed e-con e-parent\" data-id=\"360632b\" data-element_type=\"container\" data-settings=\"{&quot;content_width&quot;:&quot;boxed&quot;}\" data-core-v316-plus=\"true\">\n\t\t\t\t\t<div class=\"e-con-inner\">\n\t\t<div class=\"elementor-element elementor-element-ea0cf13 e-con-full e-flex e-con e-child\" data-id=\"ea0cf13\" data-element_type=\"container\" data-settings=\"{&quot;content_width&quot;:&quot;full&quot;}\">\n\t\t\t\t<div class=\"elementor-element elementor-element-04c8f9f elementor-widget elementor-widget-breadcrumbs\" data-id=\"04c8f9f\" data-element_type=\"widget\" data-widget_type=\"breadcrumbs.default\">\n\t\t\t\t<div class=\"elementor-widget-container\">\n\t\t\t<link rel=\"stylesheet\" href=\"https:\/\/www.szen.fr\/massage\/wp-content\/plugins\/elementor-pro\/assets\/css\/widget-theme-elements.min.css\"><p id=\"breadcrumbs\"><span><span><a href=\"https:\/\/www.szen.fr\/massage\/\">Accueil<\/a><\/span><\/span><\/p>\t\t<\/div>\n\t\t\t\t<\/div>\n\t\t\t\t<div class=\"elementor-element elementor-element-a5cc0cf elementor-widget elementor-widget-image\" data-id=\"a5cc0cf\" data-element_type=\"widget\" data-widget_type=\"image.default\">\n\t\t\t\t<div class=\"elementor-widget-container\">\n\t\t\t<style>\/*! elementor - v3.18.0 - 08-12-2023 *\/\n.elementor-widget-image{text-align:center}.elementor-widget-image a{display:inline-block}.elementor-widget-image a img[src$=\".svg\"]{width:48px}.elementor-widget-image img{vertical-align:middle;display:inline-block}<\/style>\t\t\t\t\t\t\t\t\t\t\t\t<img fetchpriority=\"high\" decoding=\"async\" width=\"1024\" height=\"512\" src=\"https:\/\/www.szen.fr\/massage\/wp-content\/uploads\/2021\/08\/h3-rev-img6-1024x512.jpg\" class=\"attachment-large size-large wp-image-6040\" alt=\"j\" srcset=\"https:\/\/www.szen.fr\/massage\/wp-content\/uploads\/2021\/08\/h3-rev-img6-1024x512.jpg 1024w, https:\/\/www.szen.fr\/massage\/wp-content\/uploads\/2021\/08\/h3-rev-img6-300x150.jpg 300w, https:\/\/www.szen.fr\/massage\/wp-content\/uploads\/2021\/08\/h3-rev-img6-768x384.jpg 768w, https:\/\/www.szen.fr\/massage\/wp-content\/uploads\/2021\/08\/h3-rev-img6-1536x768.jpg 1536w, https:\/\/www.szen.fr\/massage\/wp-content\/uploads\/2021\/08\/h3-rev-img6-1300x650.jpg 1300w, https:\/\/www.szen.fr\/massage\/wp-content\/uploads\/2021\/08\/h3-rev-img6.jpg 1680w\" sizes=\"(max-width: 1024px) 100vw, 1024px\" \/>\t\t\t\t\t\t\t\t\t\t\t\t\t\t\t<\/div>\n\t\t\t\t<\/div>\n\t\t\t\t<\/div>\n\t\t\t\t\t<\/div>\n\t\t\t\t<\/div>\n\t\t<div class=\"elementor-element elementor-element-38ac74f e-flex e-con-boxed e-con e-parent\" data-id=\"38ac74f\" data-element_type=\"container\" data-settings=\"{&quot;content_width&quot;:&quot;boxed&quot;}\" data-core-v316-plus=\"true\">\n\t\t\t\t\t<div class=\"e-con-inner\">\n\t\t<div class=\"elementor-element elementor-element-d5e1cba e-con-full e-flex e-con e-child\" data-id=\"d5e1cba\" data-element_type=\"container\" data-settings=\"{&quot;content_width&quot;:&quot;full&quot;}\">\n\t\t\t\t<div class=\"elementor-element elementor-element-5b85f3e elementor-widget elementor-widget-heading\" data-id=\"5b85f3e\" data-element_type=\"widget\" data-widget_type=\"heading.default\">\n\t\t\t\t<div class=\"elementor-widget-container\">\n\t\t\t<style>\/*! elementor - v3.18.0 - 08-12-2023 *\/\n.elementor-heading-title{padding:0;margin:0;line-height:1}.elementor-widget-heading .elementor-heading-title[class*=elementor-size-]>a{color:inherit;font-size:inherit;line-height:inherit}.elementor-widget-heading .elementor-heading-title.elementor-size-small{font-size:15px}.elementor-widget-heading .elementor-heading-title.elementor-size-medium{font-size:19px}.elementor-widget-heading .elementor-heading-title.elementor-size-large{font-size:29px}.elementor-widget-heading .elementor-heading-title.elementor-size-xl{font-size:39px}.elementor-widget-heading .elementor-heading-title.elementor-size-xxl{font-size:59px}<\/style><h1 class=\"elementor-heading-title elementor-size-default\">Les sectes tantriques<\/h1>\t\t<\/div>\n\t\t\t\t<\/div>\n\t\t\t\t<div class=\"elementor-element elementor-element-c38e05c elementor-icon-list--layout-traditional elementor-list-item-link-full_width elementor-widget elementor-widget-icon-list\" data-id=\"c38e05c\" data-element_type=\"widget\" data-widget_type=\"icon-list.default\">\n\t\t\t\t<div class=\"elementor-widget-container\">\n\t\t\t<link rel=\"stylesheet\" href=\"https:\/\/www.szen.fr\/massage\/wp-content\/plugins\/elementor\/assets\/css\/widget-icon-list.min.css\">\t\t<ul class=\"elementor-icon-list-items\">\n\t\t\t\t\t\t\t<li class=\"elementor-icon-list-item\">\n\t\t\t\t\t\t\t\t\t\t\t<a href=\"https:\/\/www.szen.fr\/massage\/le-massage-tantrique\/qu-est-ce-que-le-tantrisme\/\">\n\n\t\t\t\t\t\t\t\t\t\t\t<span class=\"elementor-icon-list-text\">Qu'est ce que le tantrisme ?<\/span>\n\t\t\t\t\t\t\t\t\t\t\t<\/a>\n\t\t\t\t\t\t\t\t\t<\/li>\n\t\t\t\t\t\t\t\t<li class=\"elementor-icon-list-item\">\n\t\t\t\t\t\t\t\t\t\t\t<a href=\"https:\/\/www.szen.fr\/massage\/le-massage-tantrique\/histoire-du-tantrisme\/\">\n\n\t\t\t\t\t\t\t\t\t\t\t<span class=\"elementor-icon-list-text\">Histoire du tantrisme<\/span>\n\t\t\t\t\t\t\t\t\t\t\t<\/a>\n\t\t\t\t\t\t\t\t\t<\/li>\n\t\t\t\t\t\t\t\t<li class=\"elementor-icon-list-item\">\n\t\t\t\t\t\t\t\t\t\t\t<a href=\"https:\/\/www.szen.fr\/massage\/le-massage-tantrique\/le-bouddhisme-tantrique\/\">\n\n\t\t\t\t\t\t\t\t\t\t\t<span class=\"elementor-icon-list-text\">Le Bouddhisme tantrique<\/span>\n\t\t\t\t\t\t\t\t\t\t\t<\/a>\n\t\t\t\t\t\t\t\t\t<\/li>\n\t\t\t\t\t\t\t\t<li class=\"elementor-icon-list-item\">\n\t\t\t\t\t\t\t\t\t\t\t<a href=\"https:\/\/www.szen.fr\/massage\/le-massage-tantrique\/les-sectes-tantriques\/\">\n\n\t\t\t\t\t\t\t\t\t\t\t<span class=\"elementor-icon-list-text\">Les Sectes Tantriques<\/span>\n\t\t\t\t\t\t\t\t\t\t\t<\/a>\n\t\t\t\t\t\t\t\t\t<\/li>\n\t\t\t\t\t\t\t\t<li class=\"elementor-icon-list-item\">\n\t\t\t\t\t\t\t\t\t\t\t<a href=\"https:\/\/www.szen.fr\/massage\/quels-sont-les-differents-type-de-massages-tantiques-a-paris\">\n\n\t\t\t\t\t\t\t\t\t\t\t<span class=\"elementor-icon-list-text\">Massages tantriques \u00e0 Paris<\/span>\n\t\t\t\t\t\t\t\t\t\t\t<\/a>\n\t\t\t\t\t\t\t\t\t<\/li>\n\t\t\t\t\t\t\t\t<li class=\"elementor-icon-list-item\">\n\t\t\t\t\t\t\t\t\t\t\t<a href=\"https:\/\/www.szen.fr\/massage\/le-massage-tantrique\/les-salons-de-massages-tantriques-a-paris\/\">\n\n\t\t\t\t\t\t\t\t\t\t\t<span class=\"elementor-icon-list-text\">Les salons de massages tantriques \u00e0 Paris<\/span>\n\t\t\t\t\t\t\t\t\t\t\t<\/a>\n\t\t\t\t\t\t\t\t\t<\/li>\n\t\t\t\t\t\t\t\t<li class=\"elementor-icon-list-item\">\n\t\t\t\t\t\t\t\t\t\t\t<a href=\"https:\/\/www.szen.fr\/massage\/le-massage-tantrique\/2-autres-massages-tantriques\/\">\n\n\t\t\t\t\t\t\t\t\t\t\t<span class=\"elementor-icon-list-text\">2 autres massages tantriques<\/span>\n\t\t\t\t\t\t\t\t\t\t\t<\/a>\n\t\t\t\t\t\t\t\t\t<\/li>\n\t\t\t\t\t\t<\/ul>\n\t\t\t\t<\/div>\n\t\t\t\t<\/div>\n\t\t\t\t<\/div>\n\t\t<div class=\"elementor-element elementor-element-f292363 e-con-full e-flex e-con e-child\" data-id=\"f292363\" data-element_type=\"container\" data-settings=\"{&quot;content_width&quot;:&quot;full&quot;}\">\n\t\t\t\t<div class=\"elementor-element elementor-element-962a94a elementor-widget elementor-widget-text-editor\" data-id=\"962a94a\" data-element_type=\"widget\" data-widget_type=\"text-editor.default\">\n\t\t\t\t<div class=\"elementor-widget-container\">\n\t\t\t<style>\/*! elementor - v3.18.0 - 08-12-2023 *\/\n.elementor-widget-text-editor.elementor-drop-cap-view-stacked .elementor-drop-cap{background-color:#69727d;color:#fff}.elementor-widget-text-editor.elementor-drop-cap-view-framed .elementor-drop-cap{color:#69727d;border:3px solid;background-color:transparent}.elementor-widget-text-editor:not(.elementor-drop-cap-view-default) .elementor-drop-cap{margin-top:8px}.elementor-widget-text-editor:not(.elementor-drop-cap-view-default) .elementor-drop-cap-letter{width:1em;height:1em}.elementor-widget-text-editor .elementor-drop-cap{float:left;text-align:center;line-height:1;font-size:50px}.elementor-widget-text-editor .elementor-drop-cap-letter{display:inline-block}<\/style>\t\t\t\tComme toute doctrine, le tantrisme a souvent \u00e9t\u00e9 utilis\u00e9 \u00e0 des fins malveillantes par des personnes mal attentionn\u00e9es. En effet, on constate au fil de son histoire de que d\u00e9rives sectaires ont exist\u00e9 d\u00e9tournant totalement les principes originels instaur\u00e9s par le Tantra. D\u00e9couvrons ensemble ce qu\u2019est une d\u00e9rive sectaire ainsi que les soci\u00e9t\u00e9s qui se sont transform\u00e9es en secte tantrique ces derni\u00e8res ann\u00e9es.\n<h2>D\u00e9finition d\u2019une d\u00e9rive sectaire<\/h2>\n\u00c0 partir du moment o\u00f9 une soci\u00e9t\u00e9 emploie des techniques d\u2019emprise, de pression ou de menace envers ses adh\u00e9rents on peut parler de d\u00e9rives sectaires. Cela s\u2019identifie \u00e9galement par des m\u00e9thodes de prises de contr\u00f4le des individus et la privation de leur libre arbitre. Ces pratiques ont pour seul objectif d\u2019exploiter leurs adeptes et de les ramener \u00e0 un \u00e9tat de sujet du point de vue psychologique ou physique. Alors, les cons\u00e9quences sont grandes autant pour la personne qui subit cette emprise que pour son entourage.\n\nEn France, la loi ne d\u00e9finit pas ce qu\u2019est une secte, car cela porterait atteinte aux libert\u00e9s d\u2019opinion, de conscience et de religion qui sont des droits constitutionnels. Cependant, elle condamne les d\u00e9rives sectaires. Un dirigeant poss\u00e8de un comportement abusif \u00e0 partir du moment o\u00f9 cela touche les droits de l\u2019homme et ses libert\u00e9s fondamentales. C\u2019est \u00e9galement le cas s\u2019il est estim\u00e9 qu\u2019il d\u00e9tient une emprise mentale envers des individus vuln\u00e9rables. Alors, la loi le consid\u00e8re comme une menace \u00e0 l\u2019ordre public. Parmi les sectes les plus connues dans notre pays se trouve le mouvement ra\u00eblien. Cette secte demande \u00e0 ses adh\u00e9rents de lui verser d\u2019importantes sommes d\u2019argent. Claude Vorilhon, son dirigeant qui se fait appeler Ra\u00ebl proclame des discours antisociaux afin que ses partisans s\u2019excluent de la soci\u00e9t\u00e9. De plus, les femmes lui appartiennent toutes. C\u2019est pourquoi ce mouvement a \u00e9t\u00e9 d\u00e9clar\u00e9 ill\u00e9gal en 2003 en France.\n<h2>Secte tantrique : le mouvement pour l\u2019Int\u00e9gration spirituelle dans l\u2019absolue<\/h2>\nL\u2019enseignement de MISA se base sur le Tantra yoga. Son objectif est l\u2019\u00e9l\u00e9vation du niveau spirituel des individus par la connaissance et la pratique du yoga traditionnel hindou.\n\nD\u2019apr\u00e8s MISA, les femmes portent en elle 10 d\u00e9esses telles que Kali, Tripura ou encore Sundari. Donc, elles doivent se lib\u00e9rer sexuellement de leurs inhibitions afin de rel\u00e2cher l\u2019esprit divin qu\u2019elles ont en elle. Le r\u00f4le des hommes est alors d\u2019aider les femmes dans cette d\u00e9marche. Cependant, la soci\u00e9t\u00e9 est fr\u00e9quemment accus\u00e9e d\u2019exploitation sexuelle. En effet, elle choisit et initie des femmes \u00e0 la sexualit\u00e9 de fa\u00e7on humiliante. MISA s\u00e9lectionne leur partenaire, les filme malgr\u00e9 la violence de l\u2019acte et en profite pour gagner de l\u2019argent sur leur dos. D\u2019autres sont envoy\u00e9es \u00e0 l\u2019\u00e9tranger o\u00f9 on leur retire leur passeport. Elles sont forc\u00e9es \u00e0 travailler dans des bars de strip-tease et de p\u00f4le dance. Elles doivent m\u00eame r\u00e9pondre aux demandes de faveurs sexuelles. Dans ce cas-l\u00e0, les b\u00e9n\u00e9fices reviennent \u00e9galement \u00e0 l\u2019association. Il est important de savoir que des jeunes filles, parfois adolescentes sont les victimes de ces pratiques immorales. En raison de ces activit\u00e9s commerciales illicites, la soci\u00e9t\u00e9 a \u00e9t\u00e9 exclue de la f\u00e9d\u00e9ration internationale de Yoga et de l\u2019alliance europ\u00e9enne de Yoga en 2005. Elle a pourtant continu\u00e9 ses comportements malhonn\u00eates, car en 2012, 25 domiciles et centres de yogis italiens ont \u00e9t\u00e9 perquisitionn\u00e9s. En tout, ce serait 18 personnes qui seraient poursuivies p\u00e9nalement pour de la pornographie, de l\u2019esclavage sexuel, des orgies sexuelles \u00e0 caract\u00e8re violent ou bien de recrutement en vue de prostitution.\n\nMalgr\u00e9 tout cela, la secte est encore pr\u00e9sente dans 33 pays \u00e0 travers le monde. 25 d\u2019entre eux se situent en Europe.\n<h2>Les d\u00e9rives des sectes tantriques<\/h2>\nLe tantrisme est avant tout une pratique spirituelle. Son objectif est de permettre \u00e0 l\u2019individu de ressentir le bien-\u00eatre absolu en faisant circuler son \u00e9nergie vitale dans tout son corps. Celle-ci se trouve dans la zone du p\u00e9rin\u00e9e et se r\u00e9pand \u00e0 l\u2019aide du massage tantrique. De multiples soci\u00e9t\u00e9s offrent des stages ou encore des formations sur le massage tantrique. Les personnes qui s\u2019y rendent souhaitent apprendre comment r\u00e9aliser un massage tantrique. Ou bien, elles vous proposent de b\u00e9n\u00e9ficier d\u2019un massage tantrique en groupe. De nombreuses d\u00e9rives ont \u00e9t\u00e9 signal\u00e9es lors de ces rencontres. En effet, divers individus se sont plaints d\u2019avoir \u00e9t\u00e9 touch\u00e9s ou p\u00e9n\u00e9tr\u00e9s sans leur consentement. Dans ces situations, le tantrisme est r\u00e9duit \u00e0 une simple pratique sexuelle retirant ainsi toute sa port\u00e9e spirituelle. En effet, les abus sexuels se trouvent bien loin des principes fondamentaux du tantrisme.\n\nLes d\u00e9rives sectaires s\u2019appliquent au tantrisme. On constate que de nombreuses soci\u00e9t\u00e9s se cachent derri\u00e8re les tantras pour pouvoir profiter financi\u00e8rement ou sexuellement de ses partisans. Ces sectes sont loin du but premier du tantrisme et lui donnent une image erron\u00e9e aupr\u00e8s du public qui ne conna\u00eetrait pas la doctrine.\n\n\t\t\t\t\t\t<\/div>\n\t\t\t\t<\/div>\n\t\t\t\t<\/div>\n\t\t\t\t\t<\/div>\n\t\t\t\t<\/div>\n\t\t\t\t\t\t\t<\/div>\n\t\t","protected":false},"excerpt":{"rendered":"<p>Les sectes tantriques Qu&rsquo;est ce que le tantrisme ? Histoire du tantrisme Le Bouddhisme tantrique Les Sectes Tantriques Massages tantriques \u00e0 Paris Les salons de massages tantriques \u00e0 Paris 2 autres massages tantriques Comme toute doctrine, le tantrisme a souvent \u00e9t\u00e9 utilis\u00e9 \u00e0 des fins malveillantes par des personnes mal attentionn\u00e9es. En effet, on constate [&hellip;]<\/p>\n","protected":false},"author":1,"featured_media":0,"parent":7505,"menu_order":2,"comment_status":"closed","ping_status":"closed","template":"page-full-width.php","meta":{"footnotes":""},"class_list":["post-7602","page","type-page","status-publish","hentry"],"yoast_head":"<!-- This site is optimized with the Yoast SEO Premium plugin v21.7 (Yoast SEO v21.7) - https:\/\/yoast.com\/wordpress\/plugins\/seo\/ -->\n<title>Les Sectes Tantriques<\/title>\n<meta name=\"description\" content=\"Comme toute doctrine, le tantrisme a souvent \u00e9t\u00e9 utilis\u00e9 \u00e0 des fins malveillantes par des personnes mal attentionn\u00e9es.\" \/>\n<meta name=\"robots\" content=\"index, follow, max-snippet:-1, max-image-preview:large, max-video-preview:-1\" \/>\n<link rel=\"canonical\" href=\"https:\/\/www.szen.fr\/massage\/le-massage-tantrique\/les-sectes-tantriques\/\" \/>\n<meta property=\"og:locale\" content=\"fr_FR\" \/>\n<meta property=\"og:type\" content=\"article\" \/>\n<meta property=\"og:title\" content=\"Les sectes Tantriques\" \/>\n<meta property=\"og:description\" content=\"Comme toute doctrine, le tantrisme a souvent \u00e9t\u00e9 utilis\u00e9 \u00e0 des fins malveillantes par des personnes mal attentionn\u00e9es.\" \/>\n<meta property=\"og:url\" content=\"https:\/\/www.szen.fr\/massage\/le-massage-tantrique\/les-sectes-tantriques\/\" \/>\n<meta property=\"og:site_name\" content=\"Wiki Massage by Szen\" \/>\n<meta property=\"article:modified_time\" content=\"2024-03-18T10:35:43+00:00\" \/>\n<meta property=\"og:image\" content=\"https:\/\/www.szen.fr\/massage\/wp-content\/uploads\/2021\/08\/h3-rev-img6-1024x512.jpg\" \/>\n<meta name=\"twitter:card\" content=\"summary_large_image\" \/>\n<meta name=\"twitter:label1\" content=\"Dur\u00e9e de lecture estim\u00e9e\" \/>\n\t<meta name=\"twitter:data1\" content=\"5 minutes\" \/>\n<script type=\"application\/ld+json\" class=\"yoast-schema-graph\">{\"@context\":\"https:\/\/schema.org\",\"@graph\":[{\"@type\":\"WebPage\",\"@id\":\"https:\/\/www.szen.fr\/massage\/le-massage-tantrique\/les-sectes-tantriques\/\",\"url\":\"https:\/\/www.szen.fr\/massage\/le-massage-tantrique\/les-sectes-tantriques\/\",\"name\":\"Les Sectes Tantriques\",\"isPartOf\":{\"@id\":\"https:\/\/www.szen.fr\/massage\/#website\"},\"datePublished\":\"2023-12-13T16:21:21+00:00\",\"dateModified\":\"2024-03-18T10:35:43+00:00\",\"description\":\"Comme toute doctrine, le tantrisme a souvent \u00e9t\u00e9 utilis\u00e9 \u00e0 des fins malveillantes par des personnes mal attentionn\u00e9es.\",\"breadcrumb\":{\"@id\":\"https:\/\/www.szen.fr\/massage\/le-massage-tantrique\/les-sectes-tantriques\/#breadcrumb\"},\"inLanguage\":\"fr-FR\",\"potentialAction\":[{\"@type\":\"ReadAction\",\"target\":[\"https:\/\/www.szen.fr\/massage\/le-massage-tantrique\/les-sectes-tantriques\/\"]}]},{\"@type\":\"BreadcrumbList\",\"@id\":\"https:\/\/www.szen.fr\/massage\/le-massage-tantrique\/les-sectes-tantriques\/#breadcrumb\",\"itemListElement\":[{\"@type\":\"ListItem\",\"position\":1,\"name\":\"Accueil\",\"item\":\"https:\/\/www.szen.fr\/massage\/\"},{\"@type\":\"ListItem\",\"position\":2,\"name\":\"Le massage Tantrique\",\"item\":\"https:\/\/www.szen.fr\/massage\/le-massage-tantrique\/\"},{\"@type\":\"ListItem\",\"position\":3,\"name\":\"Les sectes Tantriques\"}]},{\"@type\":\"WebSite\",\"@id\":\"https:\/\/www.szen.fr\/massage\/#website\",\"url\":\"https:\/\/www.szen.fr\/massage\/\",\"name\":\"Wiki Massage by Szen\",\"description\":\"\",\"publisher\":{\"@id\":\"https:\/\/www.szen.fr\/massage\/#organization\"},\"potentialAction\":[{\"@type\":\"SearchAction\",\"target\":{\"@type\":\"EntryPoint\",\"urlTemplate\":\"https:\/\/www.szen.fr\/massage\/?s={search_term_string}\"},\"query-input\":\"required name=search_term_string\"}],\"inLanguage\":\"fr-FR\"},{\"@type\":\"Organization\",\"@id\":\"https:\/\/www.szen.fr\/massage\/#organization\",\"name\":\"Wiki Massage by Szen\",\"url\":\"https:\/\/www.szen.fr\/massage\/\",\"logo\":{\"@type\":\"ImageObject\",\"inLanguage\":\"fr-FR\",\"@id\":\"https:\/\/www.szen.fr\/massage\/#\/schema\/logo\/image\/\",\"url\":\"https:\/\/www.szen.fr\/massage\/wp-content\/uploads\/2023\/12\/cropped-logo-wiki-massage.png\",\"contentUrl\":\"https:\/\/www.szen.fr\/massage\/wp-content\/uploads\/2023\/12\/cropped-logo-wiki-massage.png\",\"width\":200,\"height\":89,\"caption\":\"Wiki Massage by Szen\"},\"image\":{\"@id\":\"https:\/\/www.szen.fr\/massage\/#\/schema\/logo\/image\/\"}}]}<\/script>\n<!-- \/ Yoast SEO Premium plugin. -->","yoast_head_json":{"title":"Les Sectes Tantriques","description":"Comme toute doctrine, le tantrisme a souvent \u00e9t\u00e9 utilis\u00e9 \u00e0 des fins malveillantes par des personnes mal attentionn\u00e9es.","robots":{"index":"index","follow":"follow","max-snippet":"max-snippet:-1","max-image-preview":"max-image-preview:large","max-video-preview":"max-video-preview:-1"},"canonical":"https:\/\/www.szen.fr\/massage\/le-massage-tantrique\/les-sectes-tantriques\/","og_locale":"fr_FR","og_type":"article","og_title":"Les sectes Tantriques","og_description":"Comme toute doctrine, le tantrisme a souvent \u00e9t\u00e9 utilis\u00e9 \u00e0 des fins malveillantes par des personnes mal attentionn\u00e9es.","og_url":"https:\/\/www.szen.fr\/massage\/le-massage-tantrique\/les-sectes-tantriques\/","og_site_name":"Wiki Massage by Szen","article_modified_time":"2024-03-18T10:35:43+00:00","og_image":[{"url":"https:\/\/www.szen.fr\/massage\/wp-content\/uploads\/2021\/08\/h3-rev-img6-1024x512.jpg"}],"twitter_card":"summary_large_image","twitter_misc":{"Dur\u00e9e de lecture estim\u00e9e":"5 minutes"},"schema":{"@context":"https:\/\/schema.org","@graph":[{"@type":"WebPage","@id":"https:\/\/www.szen.fr\/massage\/le-massage-tantrique\/les-sectes-tantriques\/","url":"https:\/\/www.szen.fr\/massage\/le-massage-tantrique\/les-sectes-tantriques\/","name":"Les Sectes Tantriques","isPartOf":{"@id":"https:\/\/www.szen.fr\/massage\/#website"},"datePublished":"2023-12-13T16:21:21+00:00","dateModified":"2024-03-18T10:35:43+00:00","description":"Comme toute doctrine, le tantrisme a souvent \u00e9t\u00e9 utilis\u00e9 \u00e0 des fins malveillantes par des personnes mal attentionn\u00e9es.","breadcrumb":{"@id":"https:\/\/www.szen.fr\/massage\/le-massage-tantrique\/les-sectes-tantriques\/#breadcrumb"},"inLanguage":"fr-FR","potentialAction":[{"@type":"ReadAction","target":["https:\/\/www.szen.fr\/massage\/le-massage-tantrique\/les-sectes-tantriques\/"]}]},{"@type":"BreadcrumbList","@id":"https:\/\/www.szen.fr\/massage\/le-massage-tantrique\/les-sectes-tantriques\/#breadcrumb","itemListElement":[{"@type":"ListItem","position":1,"name":"Accueil","item":"https:\/\/www.szen.fr\/massage\/"},{"@type":"ListItem","position":2,"name":"Le massage Tantrique","item":"https:\/\/www.szen.fr\/massage\/le-massage-tantrique\/"},{"@type":"ListItem","position":3,"name":"Les sectes Tantriques"}]},{"@type":"WebSite","@id":"https:\/\/www.szen.fr\/massage\/#website","url":"https:\/\/www.szen.fr\/massage\/","name":"Wiki Massage by Szen","description":"","publisher":{"@id":"https:\/\/www.szen.fr\/massage\/#organization"},"potentialAction":[{"@type":"SearchAction","target":{"@type":"EntryPoint","urlTemplate":"https:\/\/www.szen.fr\/massage\/?s={search_term_string}"},"query-input":"required name=search_term_string"}],"inLanguage":"fr-FR"},{"@type":"Organization","@id":"https:\/\/www.szen.fr\/massage\/#organization","name":"Wiki Massage by Szen","url":"https:\/\/www.szen.fr\/massage\/","logo":{"@type":"ImageObject","inLanguage":"fr-FR","@id":"https:\/\/www.szen.fr\/massage\/#\/schema\/logo\/image\/","url":"https:\/\/www.szen.fr\/massage\/wp-content\/uploads\/2023\/12\/cropped-logo-wiki-massage.png","contentUrl":"https:\/\/www.szen.fr\/massage\/wp-content\/uploads\/2023\/12\/cropped-logo-wiki-massage.png","width":200,"height":89,"caption":"Wiki Massage by Szen"},"image":{"@id":"https:\/\/www.szen.fr\/massage\/#\/schema\/logo\/image\/"}}]}},"_links":{"self":[{"href":"https:\/\/www.szen.fr\/massage\/wp-json\/wp\/v2\/pages\/7602","targetHints":{"allow":["GET"]}}],"collection":[{"href":"https:\/\/www.szen.fr\/massage\/wp-json\/wp\/v2\/pages"}],"about":[{"href":"https:\/\/www.szen.fr\/massage\/wp-json\/wp\/v2\/types\/page"}],"author":[{"embeddable":true,"href":"https:\/\/www.szen.fr\/massage\/wp-json\/wp\/v2\/users\/1"}],"replies":[{"embeddable":true,"href":"https:\/\/www.szen.fr\/massage\/wp-json\/wp\/v2\/comments?post=7602"}],"version-history":[{"count":29,"href":"https:\/\/www.szen.fr\/massage\/wp-json\/wp\/v2\/pages\/7602\/revisions"}],"predecessor-version":[{"id":8214,"href":"https:\/\/www.szen.fr\/massage\/wp-json\/wp\/v2\/pages\/7602\/revisions\/8214"}],"up":[{"embeddable":true,"href":"https:\/\/www.szen.fr\/massage\/wp-json\/wp\/v2\/pages\/7505"}],"wp:attachment":[{"href":"https:\/\/www.szen.fr\/massage\/wp-json\/wp\/v2\/media?parent=7602"}],"curies":[{"name":"wp","href":"https:\/\/api.w.org\/{rel}","templated":true}]}}